NOAA-Style Climate Reports

Select a Year or Month report
2017: Jan Feb Mar Apr May Jun Jul Aug Sep Oct Nov Dec
2016: Jan Feb Mar Apr May Jun Jul Aug Sep Oct Nov Dec

Report for 2016
                   Annual Climatological Summary for 2016

Name: EW8961   City: Cheektowaga   State: New York
Elevation: 646 ft  Lat: N 42° 55' 24"   Lon: W 078° 46' 04"

                  Temperature (°F), Heat Base: 65.0  Cool Base: 65.0
                          Dep.  Heat  Cool                       Max  Max  Min  Min
        Mean  Mean        From  Deg   Deg                        >=   <=   <=   <=
 YR MO  Max   Min   Mean  Norm  Days  Days  Hi  Date  Low  Date 80.0 32.0 32.0   0.0
------------------------------------------------------------------------------------
 16  1
 16  2
 16  3  54.6  34.0  42.7   8.7   170     0  70.7  27  27.2   26    0    0    3    0
 16  4  53.2  33.5  43.9  -2.0   638     4  74.7  17  17.8    5    0    2   12    0
 16  5  69.2  47.8  58.5   1.6   275    74  90.8  28  36.2    9    6    0    0    0
 16  6  78.3  56.6  68.1   1.8    68   167  89.9  26  41.9   10   15    0    0    0
 16  7  83.8  64.7  74.3   3.2    15   303  92.1  23  53.4    2   25    0    0    0
 16  8  85.6  66.0  75.6   6.0     8   336  93.4   9  56.3   23   28    0    0    0
 16  9  77.1  56.8  66.8   4.6    91   144  88.6  10  41.8   25   14    0    0    0
 16 10  63.2  45.4  54.2   3.4   364    27  77.1   6  30.5   31    0    0    2    0
 16 11  53.6  35.3  44.8   4.1   609     3  73.2   1  21.2   23    0    0    7    0
 16 12  36.3  25.9  31.2   1.1  1047     0  58.9  26   7.2   19    0    6   24    0
------------------------------------------------------------------------------------
        65.5  46.6  56.0   3.2  3290  1062  93.4 Aug   7.2  Dec   88    8   48    0

                                Precipitation (in)

              Dep.   Max        Days of Rain
              From   Obs.           >=
 YR MO Total  Norm   Day Date 0.01 0.10 1.00
---------------------------------------------
 16  1
 16  2
 16  3  1.61 -1.26  0.58  31     4    4    0
 16  4  1.68 -1.33  0.55  11    11    6    0
 16  5  1.25 -2.21  0.49   2     8    3    0
 16  6  1.39 -2.27  0.31   7     9    4    0
 16  7  1.52 -1.71  1.36  25     6    1    1
 16  8  4.66  1.40  1.72  25    11    8    1
 16  9  3.70 -0.20  1.67  17     9    5    2
 16 10  4.54  1.02  1.31  21    12    8    2
 16 11  3.52 -0.49  0.83  30    13    7    0
 16 12  3.27 -0.62  0.48   1    17   13    0
---------------------------------------------
       27.14 -7.67  1.72  Aug  100   59    6

                                Wind Speed (mph)
                          Dom
 YR MO   Avg.  Hi   Date  Dir
------------------------------
 16  1
 16  2
 16  3   5.0  39.0   28   WSW
 16  4   4.1  30.0    7   NNW
 16  5   3.2  34.0   14     W
 16  6   3.5  29.0   20   WSW
 16  7   3.5  33.0   14   WSW
 16  8   2.9  28.0   16   WSW
 16  9   2.6  28.0   10    SW
 16 10   2.8  31.0   29     W
 16 11   3.5  33.0   10     W
 16 12   5.6  35.0   14   WSW
------------------------------
         3.7  39.0  Mar     W