NOAA-Style Climate Reports

Select a Year or Month report
2017: Jan Feb Mar Apr May Jun Jul Aug Sep Oct Nov Dec
2016: Jan Feb Mar Apr May Jun Jul Aug Sep Oct Nov Dec

Report for 2016 April
                   Monthly Climatological Summary for Apr 2016

Name: EW8961   City: Cheektowaga   State: New York
Elevation: 646 ft  Lat: N 42° 55' 24"   Lon: W 078° 46' 04"

                  Temperature (°F), Rain (in), Wind Speed (mph)

                                      Heat  Cool        Avg
    Mean                              Deg   Deg         Wind                 Dom
Day Temp  High   Time   Low    Time   Days  Days  Rain  Speed High   Time    Dir
----------------------------------------------------------------------------------
 1  46.9  66.8  12:00a  40.1  11:56p  18.1   0.0  0.09   6.8  24.0  12:31a   WSW
 2  38.1  42.3   2:04p  29.1  11:59p  26.9   0.0  0.04   5.7  24.0   6:54a   WSW
 3  26.6  29.9  12:40a  22.2   7:05a  38.4   0.0  0.10   6.4  29.0   3:08a   WNW
 4  25.4  27.2   5:14p  19.2   9:23p  39.6   0.0  0.00   5.6  23.0   9:18a    NE
 5  26.6  34.2   4:37p  17.8   6:53a  38.4   0.0  0.21   2.6  12.0  10:56a    NW
 6  37.6  50.4  10:40p  23.8  12:28a  27.4   0.0  0.19   3.4  25.0  10:16p     S
 7  44.2  51.7   1:04a  34.7  11:53p  20.8   0.0  0.05   8.4  30.0   9:10a    SW
 8  32.4  37.3   4:02p  27.1   7:12a  32.6   0.0  0.02   7.1  27.0   3:57p     W
 9  29.6  35.6   4:28p  24.7  11:38p  35.4   0.0  0.00   4.7  18.0   7:48a     N
10  29.7  38.0   5:15p  21.6   2:47a  35.3   0.0  0.00   2.3  17.0   5:24p   SSW
11  47.7  53.6   9:17p  34.3  12:00a  17.3   0.0  0.55   5.6  20.0   6:35a    SW
12  38.5  43.6   5:58p  32.6  11:57p  26.5   0.0  0.01   5.0  20.0  12:07p     W
13  37.1  48.6   4:24p  24.3   5:25a  27.9   0.0  0.00   2.5  14.0   4:24p    NE
14  42.8  55.8   3:51p  29.6   4:25a  22.1   0.0  0.00   4.2  17.0  10:08a   ENE
15  51.7  66.9   3:15p  34.5   5:52a  13.4   0.1  0.00   3.2  17.0   5:51p    NE
16  56.9  72.5   3:08p  41.3   5:55a   9.2   1.2  0.00   2.4  15.0   4:16p    NE
17  58.3  74.7   3:56p  40.2   6:35a   8.9   2.1  0.00   1.7  11.0   4:30p   NNE
18  55.9  69.2   3:08p  40.9   6:14a   9.7   0.6  0.00   2.9  14.0   3:36p   WSW
19  52.0  59.1   4:52p  44.6   9:07a  13.0   0.0  0.00   3.5  15.0   5:10a   NNE
20  51.3  67.1   5:23p  34.9   5:43a  13.8   0.1  0.00   2.6  16.0   2:23p   ENE
21  57.2  70.3  11:23a  42.4   3:34a   8.1   0.3  0.00   2.8  17.0   1:10p    SW
22  59.8  67.4   3:37p  49.4  11:57p   5.3   0.1  0.00   5.2  19.0  11:04a     W
23  47.2  54.3   3:26p  40.0   7:15a  17.8   0.0  0.00   3.8  15.0  10:55a   NNE
24  47.2  59.5   2:59p  33.4   5:25a  17.8   0.0  0.00   1.8  11.0   2:46p     N
25  49.4  56.4   2:48p  42.0  11:59p  15.6   0.0  0.10   5.5  19.0  10:20p    NE
26  39.3  42.4   3:55a  32.0  11:58p  25.7   0.0  0.32   4.5  17.0  12:12a    NE
27  43.3  56.2   4:15p  29.2   6:34a  21.7   0.0  0.00   1.9  12.0  11:44a   NNE
28  44.0  52.0   2:55p  36.3   5:45a  21.0   0.0  0.00   4.9  18.0  10:01a   ENE
29  45.9  50.3  12:05p  41.2   7:19a  19.1   0.0  0.00   4.0  15.0   2:07p    NE
30  53.1  62.8   4:14p  41.1  12:24a  11.9   0.0  0.00   3.1  14.0   3:32p     E
----------------------------------------------------------------------------------
    43.9  74.7    17    17.8     5   638.7   4.5  1.68   4.1  30.0     7      NW

Max >=  80.0:  0
Max <=  32.0:  2
Min <=  32.0: 12
Min <=   0.0:  0
Max Rain: 0.55 on day 11
Days of Rain: 11 (>= 0.01 in)  6 (>= 0.10 in)  0 (>= 1.00 in)
Heat Base: 65.0  Cool Base: 65.0  Method: Integration