NOAA-Style Climate Reports

Select a Year or Month report
2017: Jan Feb Mar Apr May Jun Jul Aug Sep Oct Nov Dec
2016: Jan Feb Mar Apr May Jun Jul Aug Sep Oct Nov Dec

Report for 2016 May
                   Monthly Climatological Summary for May 2016

Name: EW8961   City: Cheektowaga   State: New York
Elevation: 646 ft  Lat: N 42° 55' 24"   Lon: W 078° 46' 04"

                  Temperature (°F), Rain (in), Wind Speed (mph)

                                      Heat  Cool        Avg
    Mean                              Deg   Deg         Wind                 Dom
Day Temp  High   Time   Low    Time   Days  Days  Rain  Speed High   Time    Dir
----------------------------------------------------------------------------------
 1  50.4  55.7   3:45p  44.8  11:55p  14.6   0.0  0.28   2.6  13.0   7:01a    NE
 2  46.2  49.9   3:19p  41.1  11:57p  18.8   0.0  0.49   2.7  13.0   2:30a    NE
 3  49.5  59.7   3:24p  38.8   2:04a  15.5   0.0  0.00   2.4  14.0  12:19p     E
 4  52.7  64.2   1:15p  39.6   5:15a  12.3   0.0  0.00   2.9  16.0   8:38p   ENE
 5  53.6  63.9   5:14p  46.5   6:59a  11.4   0.0  0.00   3.6  19.0   1:36p    NE
 6  55.2  68.0   3:58p  40.0   6:21a   9.9   0.1  0.00   3.4  23.0   4:42p    NE
 7  59.7  71.3   2:37p  48.5   6:34a   6.3   1.0  0.00   2.0  12.0   4:21p   WSW
 8  48.6  57.7  12:00a  40.6   6:11a  16.4   0.0  0.02   5.2  24.0   3:40p     W
 9  50.0  60.2   4:43p  36.2   6:07a  15.0   0.0  0.00   2.0  16.0   2:35p    NW
10  52.3  66.2   4:29p  37.2   4:32a  12.7   0.0  0.00   2.1  13.0   6:28p   ENE
11  60.3  75.0   4:57p  44.5   5:31a   7.1   2.4  0.00   3.5  16.0  11:24a   ENE
12  67.4  81.5   3:27p  50.4   5:42a   3.9   6.4  0.00   1.9  12.0  11:54a    SW
13  57.1  69.4  12:00a  51.4  10:44p   8.4   0.4  0.33   6.1  25.0   2:31p   WSW
14  51.6  58.9  12:21p  44.5  11:59p  13.4   0.0  0.05   5.7  34.0   1:37p   WSW
15  41.6  47.8   4:16p  38.2   5:00a  23.4   0.0  0.00   7.2  29.0   4:36p     W
16  48.2  57.6   5:42p  37.8   5:43a  16.8   0.0  0.01   6.7  26.0  12:16p     W
17  53.2  63.0   2:11p  43.8  11:55p  11.8   0.0  0.00   1.6  17.0   2:51p    NW
18  52.0  63.8   4:26p  39.1   4:14a  13.0   0.0  0.00   2.4  15.0   4:11p    NE
19  54.2  67.3   3:17p  39.6   4:36a  10.9   0.2  0.00   2.3  14.0   1:08p   WSW
20  59.9  74.5   3:25p  41.3   5:49a   7.5   2.4  0.00   1.8  14.0   5:30p    NE
21  60.7  67.8  11:43a  54.6  11:39p   4.6   0.3  0.00   1.7  13.0   4:06p   SSE
22  60.7  72.7   3:53p  53.0  11:58p   6.0   1.7  0.00   2.2  13.0   3:39p    NW
23  62.3  79.1   2:05p  46.7   5:43a   6.5   3.8  0.00   1.7  11.0   1:38p   WSW
24  63.3  72.7   4:19p  54.1   5:40a   3.5   1.8  0.00   4.5  18.0   4:30p   WSW
25  66.2  75.8   4:15p  53.2   3:10a   2.7   4.0  0.00   3.8  26.0   9:08a   WSW
26  72.2  84.0  12:28p  58.6   3:24a   1.2   8.4  0.03   2.1  17.0  12:31p    SW
27  73.0  81.1   3:23p  66.9   3:12a   0.0   8.0  0.00   3.3  19.0  10:31a    SW
28  76.1  90.8   4:01p  62.7   3:29a   0.3  11.4  0.04   2.1  16.0   6:39p    SW
29  75.6  86.4   3:35p  69.0   6:33a   0.0  10.6  0.00   2.9  14.0   3:07p    SW
30  70.2  77.7   2:34p  61.8  11:58p   0.2   5.4  0.00   4.9  24.0   4:29p   WSW
31  69.9  81.9   2:08p  57.6   4:03a   1.7   6.6  0.00   2.0  13.0   1:52p     W
----------------------------------------------------------------------------------
    58.5  90.8    28    36.2     9   275.8  74.9  1.25   3.2  34.0    14       W

Max >=  80.0:  6
Max <=  32.0:  0
Min <=  32.0:  0
Min <=   0.0:  0
Max Rain: 0.49 on day 2
Days of Rain: 8 (>= 0.01 in)  3 (>= 0.10 in)  0 (>= 1.00 in)
Heat Base: 65.0  Cool Base: 65.0  Method: Integration