NOAA-Style Climate Reports

Select a Year or Month report
2017: Jan Feb Mar Apr May Jun Jul Aug Sep Oct Nov Dec
2016: Jan Feb Mar Apr May Jun Jul Aug Sep Oct Nov Dec

Report for 2016 June
                   Monthly Climatological Summary for Jun 2016

Name: EW8961   City: Cheektowaga   State: New York
Elevation: 646 ft  Lat: N 42° 55' 24"   Lon: W 078° 46' 04"

                  Temperature (°F), Rain (in), Wind Speed (mph)

                                      Heat  Cool        Avg
    Mean                              Deg   Deg         Wind                 Dom
Day Temp  High   Time   Low    Time   Days  Days  Rain  Speed High   Time    Dir
----------------------------------------------------------------------------------
 1  67.5  81.3   4:42p  53.9   6:07a   2.9   5.4  0.00   4.3  15.0   1:20a   ENE
 2  70.7  76.0   4:30p  65.7   8:23a   0.0   5.7  0.19   3.8  20.0   1:01p    SW
 3  70.2  83.0   1:46p  57.5   5:40a   1.5   6.7  0.00   2.3  16.0   4:33p   WSW
 4  70.6  84.2   3:24p  55.4   4:01a   2.4   8.0  0.00   2.2  13.0   4:24p     E
 5  68.0  73.8   4:39p  63.4  10:47p   0.1   3.1  0.08   5.9  26.0   8:28a   WSW
 6  66.7  74.3   3:27p  60.9  11:44p   1.2   2.9  0.00   6.5  27.0   7:55a   WSW
 7  60.7  67.2   6:09p  54.9  11:57p   4.4   0.1  0.31   4.5  23.0  12:32p     W
 8  53.6  58.7  12:35p  48.4   7:26a   8.4   0.0  0.06   5.9  21.0   4:07p   WNW
 9  59.8  64.2   8:20p  44.9   4:15a   3.1   0.0  0.00   4.9  21.0   2:41p   WSW
10  60.2  73.0   5:01p  41.9   5:18a   7.0   2.2  0.00   1.9  13.0   2:23p    SW
11  69.7  77.5   4:20p  58.2  12:34a   1.0   5.7  0.00   5.7  26.0  12:35p   WSW
12  64.8  72.4   1:03a  57.2  11:57p   1.8   1.5  0.00   5.9  22.0  12:33p    NW
13  57.2  63.9  11:47a  50.1   4:44a   7.8   0.0  0.00   2.9  15.0   4:40p     W
14  60.9  75.8   4:10p  43.6   5:34a   6.5   2.4  0.00   1.5  10.0   7:49a   NNE
15  68.2  84.7   2:56p  52.9   4:49a   3.5   6.7  0.09   1.6  10.0   8:17p   SSE
16  72.2  83.4   3:37p  62.2   6:10a   0.4   7.5  0.04   4.1  22.0   1:45p   ENE
17  73.1  87.2   4:36p  54.9   4:47a   1.8   9.9  0.00   2.1  17.0   1:52p    NE
18  72.9  85.4   3:40p  59.2   3:29a   1.0   8.9  0.00   2.3  14.0   2:36p    SW
19  73.0  85.1  11:43a  57.3   5:04a   1.2   9.2  0.00   2.8  16.0   2:41p   WSW
20  76.3  84.8   3:04p  65.5   2:28a   0.0  11.3  0.29   6.0  29.0   9:52p   WSW
21  69.0  77.4   4:14p  54.8   6:14a   1.3   5.3  0.00   3.0  16.0   2:52p   WSW
22  68.5  76.7   1:12p  59.4   5:57a   0.7   4.2  0.02   3.9  22.0   2:47p     W
23  66.9  80.6   2:39p  56.1   5:08a   2.4   4.3  0.00   2.1  14.0   9:12a    NE
24  69.5  84.9   5:15p  50.7   5:26a   3.7   8.1  0.00   2.0  16.0   1:19p   ENE
25  74.3  88.2   2:45p  57.1   5:37a   1.2  10.5  0.00   1.6  15.0   5:29p     W
26  78.6  89.9   4:09p  64.0   5:12a   0.0  13.7  0.00   3.3  21.0  12:38p    SW
27  75.9  82.5   4:49p  71.6   4:07a   0.0  10.8  0.31   5.1  21.0  11:30a   WSW
28  69.9  76.7  12:23p  63.2   5:38a   0.1   5.0  0.00   3.4  17.0   4:23p   WSW
29  66.9  74.4   2:37p  60.5   4:59a   1.1   3.0  0.00   3.8  18.0   6:29p   WSW
30  68.2  81.3   3:56p  53.4   5:59a   2.3   5.4  0.00   2.1  13.0   5:26p   WSW
----------------------------------------------------------------------------------
    68.1  89.9    26    41.9    10    68.8 167.5  1.39   3.5  29.0    20     WSW

Max >=  80.0: 15
Max <=  32.0:  0
Min <=  32.0:  0
Min <=   0.0:  0
Max Rain: 0.31 on day 7
Days of Rain: 9 (>= 0.01 in)  4 (>= 0.10 in)  0 (>= 1.00 in)
Heat Base: 65.0  Cool Base: 65.0  Method: Integration