NOAA-Style Climate Reports

Select a Year or Month report
2017: Jan Feb Mar Apr May Jun Jul Aug Sep Oct Nov Dec
2016: Jan Feb Mar Apr May Jun Jul Aug Sep Oct Nov Dec

Report for 2016 July
                   Monthly Climatological Summary for Jul 2016

Name: EW8961   City: Cheektowaga   State: New York
Elevation: 646 ft  Lat: N 42° 55' 24"   Lon: W 078° 46' 04"

                  Temperature (°F), Rain (in), Wind Speed (mph)

                                      Heat  Cool        Avg
    Mean                              Deg   Deg         Wind                 Dom
Day Temp  High   Time   Low    Time   Days  Days  Rain  Speed High   Time    Dir
----------------------------------------------------------------------------------
 1  66.3  75.5  10:02a  58.3   3:34a   1.7   3.0  0.00   4.2  24.0   4:03p   WSW
 2  65.0  74.3   1:32p  53.4   5:44a   3.0   3.0  0.00   4.9  22.0   2:08p   WSW
 3  69.0  79.1   4:06p  57.1   5:56a   1.3   5.3  0.00   3.3  18.0   4:15p   WSW
 4  72.5  86.7   2:30p  54.7   5:54a   2.1   9.6  0.00   1.8  16.0   2:30p   ESE
 5  75.1  82.3   3:50p  69.6   6:14a   0.0  10.1  0.00   5.1  20.0   2:35p   WSW
 6  77.5  87.8   2:38p  66.5   5:23a   0.0  12.5  0.00   3.1  16.0   3:20p    SW
 7  76.6  85.4   2:01p  70.7   6:08a   0.0  11.6  0.01   3.8  19.0   2:31p   WSW
 8  75.4  85.3   2:14p  69.4   4:26a   0.0  10.4  0.04   2.2  15.0   3:17p    SW
 9  72.7  78.5  12:29p  66.2  10:20p   0.0   7.7  0.08   5.8  30.0   2:58p   WSW
10  71.0  82.5   3:10p  63.2   7:00a   0.2   6.2  0.02   3.5  16.0   3:48a   WNW
11  73.6  86.9   4:44p  59.5   5:48a   0.8   9.3  0.00   1.1  10.0   5:29p    SW
12  79.5  92.0   3:41p  65.6   1:33a   0.0  14.5  0.00   2.0  14.0   1:16p   WSW
13  80.3  87.8   3:08p  74.1   3:02a   0.0  15.3  0.00   4.3  20.0   9:52a   WSW
14  76.1  82.7   3:31p  72.0   3:49a   0.0  11.1  0.00   7.2  33.0   1:26a   WSW
15  75.6  81.7   2:12p  67.6  11:59p   0.0  10.6  0.00   6.1  28.0   1:21p   WSW
16  69.0  78.7   2:37p  61.4   6:39a   0.6   4.6  0.00   2.0  13.0  12:53p   WNW
17  72.4  82.9   4:26p  59.3   4:00a   1.2   8.6  0.00   2.5  16.0   3:34p    SW
18  78.4  85.1   6:09p  69.6  10:56p   0.0  13.4  0.01   6.7  27.0  11:46a   WSW
19  69.8  78.3   2:23p  57.6   6:11a   1.0   5.8  0.00   2.4  15.0  11:22a     W
20  69.6  83.4   4:30p  54.0   5:56a   2.7   7.3  0.00   1.7  13.0  12:09p   WSW
21  75.8  88.3   1:32p  60.0   5:26a   0.8  11.6  0.00   3.6  18.0   2:56p    SW
22  79.0  86.5   3:38p  74.6   8:38a   0.0  14.0  0.00   6.4  23.0  11:54a   WSW
23  79.4  92.1   1:32p  66.1   6:15a   0.0  14.4  0.00   3.1  19.0   1:58p   WSW
24  77.8  90.6   1:19p  64.7   5:54a   0.0  12.8  0.00   1.4  13.0   1:55p   WSW
25  75.1  80.9   4:47p  70.4   8:43a   0.0  10.1  1.36   3.0  20.0   6:09p   WSW
26  74.4  82.2   2:27p  65.6   6:30a   0.0   9.4  0.00   3.5  14.0  12:15p   WSW
27  76.2  85.1   3:30p  64.1   5:54a   0.0  11.2  0.00   3.7  20.0   3:01p   WSW
28  76.9  85.1   2:25p  67.4   5:45a   0.0  11.9  0.00   1.3  11.0   6:28p     E
29  75.9  85.9   2:20p  67.2   3:32a   0.0  10.9  0.00   2.5  15.0   2:36p    NE
30  73.4  83.8   4:22p  67.5   5:47a   0.0   8.4  0.00   4.0  16.0   3:54p     E
31  73.4  80.2   3:45p  68.6  11:57p   0.0   8.4  0.00   3.1  16.0   5:52p    NE
----------------------------------------------------------------------------------
    74.3  92.1    23    53.4     2    15.4 303.0  1.52   3.5  33.0    14     WSW

Max >=  80.0: 25
Max <=  32.0:  0
Min <=  32.0:  0
Min <=   0.0:  0
Max Rain: 1.36 on day 25
Days of Rain: 6 (>= 0.01 in)  1 (>= 0.10 in)  1 (>= 1.00 in)
Heat Base: 65.0  Cool Base: 65.0  Method: Integration