NOAA-Style Climate Reports

Select a Year or Month report
2017: Jan Feb Mar Apr May Jun Jul Aug Sep Oct Nov Dec
2016: Jan Feb Mar Apr May Jun Jul Aug Sep Oct Nov Dec

Report for 2016 August
                   Monthly Climatological Summary for Aug 2016

Name: EW8961   City: Cheektowaga   State: New York
Elevation: 646 ft  Lat: N 42° 55' 24"   Lon: W 078° 46' 04"

                  Temperature (°F), Rain (in), Wind Speed (mph)

                                      Heat  Cool        Avg
    Mean                              Deg   Deg         Wind                 Dom
Day Temp  High   Time   Low    Time   Days  Days  Rain  Speed High   Time    Dir
----------------------------------------------------------------------------------
 1  73.8  84.1   3:41p  65.1   5:33a   0.0   8.8  0.00   2.3  16.0   6:30p    NE
 2  74.9  87.8   2:31p  61.0   5:54a   0.5  10.4  0.00   1.9  16.0   1:54p    NE
 3  75.3  89.1   3:04p  59.7   6:15a   0.7  11.0  0.00   1.3  14.0   1:33p   NNW
 4  78.6  92.6   3:37p  63.9   6:15a   0.1  13.7  0.00   2.0  16.0   8:47p    SW
 5  79.6  89.7   2:44p  72.3   3:34a   0.0  14.6  0.00   4.8  19.0   3:04p    SW
 6  76.2  84.2   2:37p  69.9   7:12a   0.0  11.2  0.00   4.2  18.0   6:18p   WNW
 7  72.5  81.9   2:40p  60.8   5:10a   0.4   7.9  0.00   2.8  16.0   4:43p     W
 8  73.3  86.2   3:59p  58.4   6:23a   1.1   9.4  0.00   1.7  16.0   3:03p    NE
 9  78.8  93.4   2:52p  62.1   5:31a   0.2  14.0  0.00   2.6  14.0   1:44p     S
10  80.5  90.1   3:37p  71.7   2:23a   0.0  15.5  0.44   3.7  15.0   1:58a   WSW
11  82.3  92.2   3:22p  73.7   6:20a   0.0  17.3  0.00   3.1  15.0   5:23p    SW
12  81.7  88.5   3:24p  75.7   5:17a   0.0  16.7  0.11   5.6  26.0   1:36p   WSW
13  81.4  91.9   2:18p  75.7  10:18p   0.0  16.4  0.14   4.8  26.0   2:39p    SW
14  77.0  82.6   1:49p  71.8  11:58p   0.0  12.0  0.01   4.8  23.0  12:40a   WSW
15  74.6  83.6   3:46p  65.6   5:51a   0.0   9.6  0.09   1.0   9.0   3:16p   SSE
16  75.2  87.2   2:14p  68.6  11:55p   0.0  10.2  0.82   4.3  28.0   5:51p   WSW
17  73.1  83.8   4:16p  61.7   6:34a   0.2   8.4  0.00   2.0  13.0   1:34a     W
18  73.9  84.0   5:00p  65.7   6:29a   0.0   8.9  0.32   1.8  12.0   2:43a     W
19  77.4  87.8   4:24p  69.2   6:16a   0.0  12.4  0.00   1.7  13.0   3:49p    SW
20  79.5  90.9   3:51p  70.0   5:52a   0.0  14.5  0.00   3.0  20.0  11:56p   SSW
21  73.7  79.2   1:53a  66.9  11:09p   0.0   8.7  0.27   5.8  23.0   4:52p   WSW
22  67.2  74.7   2:44p  59.6   6:54a   1.0   3.3  0.02   2.9  16.0   3:44p     W
23  69.5  80.9   2:16p  56.3   5:15a   2.3   6.7  0.00   2.6  17.0   1:33p   WSW
24  74.2  85.6   3:12p  60.3   4:53a   0.6   9.8  0.00   2.5  18.0  12:16p    SW
25  76.7  84.6   4:45p  70.6   6:22a   0.0  11.7  1.72   3.5  18.0   2:24p    SW
26  75.4  81.5   1:38p  68.6   5:49a   0.0  10.4  0.00   3.1  16.0   3:17p   WSW
27  74.2  87.1   4:11p  63.0   5:33a   0.2   9.4  0.00   1.8  13.0   6:02p   ENE
28  77.9  85.0   4:30p  71.4   4:33a   0.0  12.9  0.00   3.5  16.0  12:01p   WSW
29  72.3  82.7   3:34p  61.4   6:35a   0.2   7.6  0.00   1.1  10.0   3:39p     N
30  71.1  81.6   3:17p  59.5   5:37a   1.1   7.2  0.00   2.1  14.0   3:43p    SW
31  70.8  78.8   3:47p  66.4  11:47p   0.0   5.8  0.72   1.9  14.0   2:22p   WSW
----------------------------------------------------------------------------------
    75.6  93.4     9    56.3    23     8.6 336.4  4.66   2.9  28.0    16     WSW

Max >=  80.0: 28
Max <=  32.0:  0
Min <=  32.0:  0
Min <=   0.0:  0
Max Rain: 1.72 on day 25
Days of Rain: 11 (>= 0.01 in)  8 (>= 0.10 in)  1 (>= 1.00 in)
Heat Base: 65.0  Cool Base: 65.0  Method: Integration