NOAA-Style Climate Reports

Select a Year or Month report
2017: Jan Feb Mar Apr May Jun Jul Aug Sep Oct Nov Dec
2016: Jan Feb Mar Apr May Jun Jul Aug Sep Oct Nov Dec

Report for 2016 September
                   Monthly Climatological Summary for Sep 2016

Name: EW8961   City: Cheektowaga   State: New York
Elevation: 646 ft  Lat: N 42° 55' 24"   Lon: W 078° 46' 04"

                  Temperature (°F), Rain (in), Wind Speed (mph)

                                      Heat  Cool        Avg
    Mean                              Deg   Deg         Wind                 Dom
Day Temp  High   Time   Low    Time   Days  Days  Rain  Speed High   Time    Dir
----------------------------------------------------------------------------------
 1  66.9  74.8   2:03p  59.1   6:56a   0.8   2.7  0.00   2.1  14.0   3:33p     N
 2  64.9  73.8   4:17p  57.4  11:59p   2.2   2.1  0.01   1.9  15.0   1:03a   NNE
 3  63.4  75.9   4:00p  49.7   6:44a   4.7   3.1  0.00   1.7  12.0   6:57p   ENE
 4  66.9  82.0   4:06p  50.9   6:25a   3.8   5.7  0.00   0.9   9.0   6:49p   NNW
 5  69.9  84.0   2:21p  55.4   6:59a   2.2   7.2  0.00   1.4  11.0   2:55p   WSW
 6  73.8  86.6   4:06p  60.5   2:49a   1.0   9.8  0.00   1.6  10.0   4:51p    SW
 7  77.9  85.1   3:08p  71.3   5:12a   0.0  12.9  0.00   3.4  19.0   2:53p   WSW
 8  78.4  83.8   3:42p  74.6   4:38a   0.0  13.4  0.00   5.3  24.0   1:10p   WSW
 9  76.7  84.7   1:54p  69.9  11:54p   0.0  11.7  0.00   1.3  10.0   2:56p     W
10  75.8  88.6   1:14p  65.6   3:54a   0.0  10.8  1.02   3.8  28.0   7:21p    SW
11  66.0  72.3   3:25p  60.2  11:59p   1.0   2.0  0.18   3.8  14.0   8:01a     W
12  64.5  76.6   4:05p  51.9   6:54a   3.9   3.5  0.00   1.2  11.0   1:55p    SW
13  68.4  80.0   2:25p  55.7   5:36a   2.8   6.2  0.00   3.1  19.0   4:42p   WSW
14  66.3  72.2   3:53a  54.1  11:38p   1.3   2.7  0.05   2.4  13.0   5:23p    NW
15  59.6  71.6   3:57p  49.1   6:08a   6.6   1.1  0.00   2.2  15.0  12:02p   ENE
16  65.2  81.3   4:02p  48.7   4:40a   5.0   5.3  0.00   1.8  12.0   7:10p     S
17  69.5  80.4  11:32a  62.8   2:55a   0.1   4.6  1.67   3.2  20.0   5:53p   SSW
18  71.6  79.0   3:10p  65.8   7:40a   0.0   6.6  0.02   2.5  17.0   3:04p   WSW
19  69.9  80.8   3:32p  60.1   6:28a   0.9   5.8  0.00   1.4  11.0   1:48p   WSW
20  68.4  80.3   3:37p  56.4   5:48a   2.4   5.9  0.00   2.3  17.0   2:59p   WSW
21  67.8  82.1   2:24p  53.5   6:13a   3.2   6.0  0.00   0.9   9.0  11:50a   ESE
22  70.5  81.8   4:09p  57.5   5:41a   1.7   7.2  0.00   1.7  12.0   1:20p   WSW
23  64.8  74.6   9:37a  58.0   7:37p   2.5   2.3  0.00   3.1  18.0  11:59a    NE
24  57.1  66.5   2:49p  47.6  11:45p   8.0   0.0  0.00   1.8  13.0  10:46a   NNE
25  54.2  67.4   3:55p  41.8   7:13a  11.0   0.2  0.00   1.6  11.0   2:09p   ENE
26  59.0  71.2  12:55p  50.0   2:37a   6.7   0.8  0.45   2.4  19.0   1:28p   SSW
27  61.7  70.9   1:51p  52.5   7:23a   4.5   1.2  0.24   3.6  26.0  12:37p    SW
28  65.1  76.4   2:48p  52.4   7:05a   3.4   3.5  0.00   3.0  21.0   3:35p   ESE
29  59.0  63.2  12:00a  57.1   8:45p   6.0   0.0  0.06   6.1  22.0   5:23p   ENE
30  59.5  66.4   2:06p  54.9  10:50p   5.6   0.1  0.00   5.9  22.0   7:00p   ENE
----------------------------------------------------------------------------------
    66.8  88.6    10    41.8    25    91.3 144.4  3.70   2.6  28.0    10      SW

Max >=  80.0: 14
Max <=  32.0:  0
Min <=  32.0:  0
Min <=   0.0:  0
Max Rain: 1.67 on day 17
Days of Rain: 9 (>= 0.01 in)  5 (>= 0.10 in)  2 (>= 1.00 in)
Heat Base: 65.0  Cool Base: 65.0  Method: Integration