NOAA-Style Climate Reports

Select a Year or Month report
2017: Jan Feb Mar Apr May Jun Jul Aug Sep Oct Nov Dec
2016: Jan Feb Mar Apr May Jun Jul Aug Sep Oct Nov Dec

Report for 2016 October
                   Monthly Climatological Summary for Oct 2016

Name: EW8961   City: Cheektowaga   State: New York
Elevation: 646 ft  Lat: N 42° 55' 24"   Lon: W 078° 46' 04"

                  Temperature (°F), Rain (in), Wind Speed (mph)

                                      Heat  Cool        Avg
    Mean                              Deg   Deg         Wind                 Dom
Day Temp  High   Time   Low    Time   Days  Days  Rain  Speed High   Time    Dir
----------------------------------------------------------------------------------
 1  60.4  69.0   2:15p  54.1   6:09a   5.1   0.5  0.48   2.3  13.0   2:21a   ENE
 2  61.1  69.3   1:49p  54.7   7:04a   4.1   0.2  0.08   1.9  14.0   5:05p   WSW
 3  61.3  70.7   3:17p  56.4   6:15a   4.2   0.5  0.00   1.0  10.0   2:31p     N
 4  61.9  74.3   4:19p  51.0   4:11a   5.2   2.1  0.00   1.4  13.0   1:43p     E
 5  62.3  74.9   2:59p  50.6   4:39a   5.0   2.3  0.00   1.4  10.0  10:43a     S
 6  63.6  77.1   3:43p  51.5   5:56a   4.5   3.2  0.00   1.1   9.0   7:23p    SW
 7  64.8  77.1   4:12p  51.4   7:48a   3.6   3.3  0.00   1.6  15.0  12:29p    SW
 8  60.6  66.3  12:01a  48.9  11:56p   4.6   0.2  0.16   4.6  19.0   2:02p   WSW
 9  49.4  58.4   2:07p  43.4   5:07a  15.6   0.0  0.01   2.1  14.0   2:27p    NW
10  47.4  57.7   4:20p  36.8   7:27a  17.6   0.0  0.00   0.9  12.0   9:18a     N
11  50.2  64.8   1:55p  36.1   5:16a  14.7   0.0  0.00   0.5   8.0  11:40a   SSW
12  60.9  75.4   2:55p  45.9   5:55a   6.6   2.5  0.00   2.6  17.0   2:16p   SSW
13  55.7  65.9   1:52a  42.7  11:59p   9.4   0.0  0.11   4.2  19.0   3:45a     W
14  48.1  60.5   4:28p  37.1   7:08a  16.9   0.0  0.00   1.1   8.0  12:09p   ESE
15  55.4  71.8   4:27p  37.9   5:44a  10.6   1.0  0.00   1.7  16.0  12:58p    SW
16  67.2  74.4   1:07p  62.9  11:18p   0.2   2.4  0.00   5.2  22.0  11:37a    SW
17  68.1  75.7   4:41p  62.7   1:28a   0.8   3.9  0.22   2.3  16.0  11:50p   SSW
18  70.3  76.7  11:39a  64.1  11:56p   0.0   5.3  0.32   6.1  29.0  12:57p    SW
19  58.6  68.0   3:12p  50.4   7:37a   6.8   0.3  0.00   1.0   9.0   2:07p     W
20  53.8  56.7   6:32a  51.5  12:23a  11.2   0.0  1.10   2.9  16.0   9:48a    NE
21  49.3  52.8  12:00a  44.0  11:50p  15.7   0.0  1.31   3.3  17.0  12:20p     N
22  43.2  47.4   3:39p  40.3  10:36p  21.8   0.0  0.00   5.6  22.0   4:25p   WNW
23  49.8  59.2   1:07p  40.0   3:18a  15.2   0.0  0.00   4.9  20.0   1:07p     W
24  47.9  51.4  12:01a  44.1  11:56p  17.1   0.0  0.00   4.8  22.0   9:28a   WNW
25  43.1  49.7   2:09p  33.5  11:59p  21.9   0.0  0.00   3.7  17.0   1:07p   WNW
26  38.5  44.5   3:15p  31.6   1:06a  26.5   0.0  0.00   2.3  15.0   9:17p   ENE
27  38.4  50.8   3:35p  33.4   2:28a  26.6   0.0  0.70   4.7  19.0   5:39a    NE
28  40.0  47.4   1:59p  34.5   5:48a  25.0   0.0  0.00   3.1  14.0   2:18p     W
29  58.0  63.7   2:13p  43.3  12:00a   7.0   0.0  0.00   5.7  31.0   3:09p   WSW
30  48.8  55.2   1:15a  43.0  11:52p  16.2   0.0  0.04   1.6  12.0  12:49p   NNW
31  40.6  50.9   4:04p  30.5   6:20a  24.4   0.0  0.01   1.3  11.0  12:33a   ENE
----------------------------------------------------------------------------------
    54.2  77.1     6    30.5    31   364.1  27.7  4.54   2.8  31.0    29       W

Max >=  80.0:  0
Max <=  32.0:  0
Min <=  32.0:  2
Min <=   0.0:  0
Max Rain: 1.31 on day 21
Days of Rain: 12 (>= 0.01 in)  8 (>= 0.10 in)  2 (>= 1.00 in)
Heat Base: 65.0  Cool Base: 65.0  Method: Integration