NOAA-Style Climate Reports

Select a Year or Month report
2017: Jan Feb Mar Apr May Jun Jul Aug Sep Oct Nov Dec
2016: Jan Feb Mar Apr May Jun Jul Aug Sep Oct Nov Dec

Report for 2016 November
                   Monthly Climatological Summary for Nov 2016

Name: EW8961   City: Cheektowaga   State: New York
Elevation: 646 ft  Lat: N 42° 55' 24"   Lon: W 078° 46' 04"

                  Temperature (°F), Rain (in), Wind Speed (mph)

                                      Heat  Cool        Avg
    Mean                              Deg   Deg         Wind                 Dom
Day Temp  High   Time   Low    Time   Days  Days  Rain  Speed High   Time    Dir
----------------------------------------------------------------------------------
 1  54.6  73.2   2:57p  33.9   3:10a  12.2   1.8  0.00   2.8  17.0  11:20p   SSW
 2  62.8  68.3  12:10p  56.1  11:58p   2.8   0.6  0.49   1.7  16.0  12:18a    SW
 3  53.4  57.4   6:25a  45.5  11:59p  11.6   0.0  0.75   2.2  17.0   6:33a   NNW
 4  45.2  52.3   1:52p  34.7   7:55a  19.8   0.0  0.00   2.5  16.0   3:55p   WNW
 5  51.0  57.1   3:16p  43.5  12:00a  14.0   0.0  0.00   4.7  20.0   3:20p     W
 6  46.2  57.3   2:45p  36.9  11:55p  19.6   0.0  0.00   0.8  10.0   9:21a   NNE
 7  45.8  63.6   2:32p  33.6   6:08a  19.2   0.0  0.00   0.7   8.0   1:40p   WSW
 8  49.4  61.2  12:07p  35.9   4:38a  15.6   0.0  0.32   3.2  22.0   7:46p   WSW
 9  44.0  51.9  12:03a  32.4  11:53p  21.0   0.0  0.01   2.5  17.0   5:52a   NNW
10  46.8  56.4   2:59p  30.6   4:51a  18.2   0.0  0.00   7.1  33.0   2:07p   WSW
11  44.3  55.1  12:07a  34.7  11:59p  20.7   0.0  0.00   4.8  29.0  12:16a    NW
12  40.9  49.3  11:58p  28.8   7:28a  24.1   0.0  0.00   5.2  28.0  10:59p   WSW
13  49.6  52.7   6:26p  47.6   2:28a  15.4   0.0  0.00   8.8  28.0  11:33a   WSW
14  46.8  55.2   1:49p  37.6  11:56p  18.2   0.0  0.00   4.2  20.0  11:59a    SW
15  42.4  56.8  12:47p  32.7   4:45a  22.6   0.0  0.00   0.7   9.0  12:29p   WSW
16  45.2  51.5   2:48p  33.0  12:50a  19.8   0.0  0.01   1.7  12.0   5:50p   WNW
17  43.4  54.7   2:43p  32.6   6:38a  21.6   0.0  0.00   0.9  11.0  12:56p    SW
18  55.8  72.9   2:52p  36.9   1:45a  10.7   1.5  0.00   1.6  14.0  11:52a   SSW
19  47.1  60.8   2:30a  34.3  11:57p  17.9   0.0  0.62   5.6  27.0   8:24a   WSW
20  32.2  34.3  12:00a  29.5  11:53p  32.8   0.0  0.00   9.4  30.0   7:58p   WNW
21  31.0  34.9   1:58p  27.7   4:01a  34.0   0.0  0.01  10.8  30.0  12:36a   WNW
22  31.6  37.8   2:24p  25.3   9:54p  33.4   0.0  0.00   5.0  22.0   4:32a   WNW
23  30.8  37.0   3:27p  21.2   4:38a  34.2   0.0  0.04   1.7  11.0  11:05p   ENE
24  39.4  45.2   3:17p  33.5  12:00a  25.6   0.0  0.12   1.9  14.0   3:25p   WSW
25  42.6  46.3   1:49p  40.5  12:00a  22.4   0.0  0.08   2.1  12.0  10:46a     W
26  38.9  42.1   3:19p  36.8   5:25a  26.1   0.0  0.17   2.1  12.0   8:40p     W
27  38.6  46.8   2:19p  32.1  11:47p  26.4   0.0  0.00   2.4  15.0  12:07p     W
28  41.9  54.7   1:47p  29.7   4:55a  23.1   0.0  0.00   1.9  12.0   1:50p   SSE
29  50.8  59.5   1:20p  42.2  11:34p  14.2   0.0  0.07   4.5  25.0   5:24a   SSW
30  52.3  61.1   9:53a  39.6   1:05a  12.7   0.0  0.83   2.9  25.0   9:13p   SSW
----------------------------------------------------------------------------------
    44.8  73.2     1    21.2    23   609.9   3.9  3.52   3.5  33.0    10       W

Max >=  80.0:  0
Max <=  32.0:  0
Min <=  32.0:  7
Min <=   0.0:  0
Max Rain: 0.83 on day 30
Days of Rain: 13 (>= 0.01 in)  7 (>= 0.10 in)  0 (>= 1.00 in)
Heat Base: 65.0  Cool Base: 65.0  Method: Integration