NOAA-Style Climate Reports

Select a Year or Month report
2017: Jan Feb Mar Apr May Jun Jul Aug Sep Oct Nov Dec
2016: Jan Feb Mar Apr May Jun Jul Aug Sep Oct Nov Dec

Report for 2016 December
                   Monthly Climatological Summary for Dec 2016

Name: EW8961   City: Cheektowaga   State: New York
Elevation: 646 ft  Lat: N 42° 55' 24"   Lon: W 078° 46' 04"

                  Temperature (°F), Rain (in), Wind Speed (mph)

                                      Heat  Cool        Avg
    Mean                              Deg   Deg         Wind                 Dom
Day Temp  High   Time   Low    Time   Days  Days  Rain  Speed High   Time    Dir
----------------------------------------------------------------------------------
 1  41.6  47.8  12:53a  34.8  10:25a  23.4   0.0  0.48   8.3  30.0   2:51a   WSW
 2  39.6  43.2  11:47a  36.2  10:00p  25.4   0.0  0.01   7.9  29.0  12:36p     W
 3  37.9  41.2  12:22p  34.3   5:46a  27.1   0.0  0.00   4.4  18.0   3:01p   WNW
 4  37.6  40.9  12:55p  35.4   6:08a  27.4   0.0  0.00   2.2  14.0  10:26p   ENE
 5  37.8  41.2   1:33p  30.9  11:58p  27.2   0.0  0.22   4.8  23.0  11:28a     W
 6  34.7  42.8   1:11p  27.6   5:11a  30.3   0.0  0.22   2.0  15.0  10:38a     E
 7  37.8  40.8   3:58a  34.1   8:26a  27.2   0.0  0.12   6.9  27.0   6:20p   WSW
 8  31.4  36.7  12:00a  28.2  11:45p  33.6   0.0  0.00   7.8  24.0   2:36p     W
 9  27.6  32.2   1:43p  25.5   6:38a  37.4   0.0  0.00   5.4  21.0  12:20a   WNW
10  26.4  32.5  12:32p  22.7   3:39a  38.5   0.0  0.00   3.8  19.0   4:42p     W
11  26.1  29.3   8:14p  23.3   8:08a  38.9   0.0  0.00   3.4  14.0   7:47p     S
12  33.5  38.7  11:02a  29.2  12:00a  31.5   0.0  0.40   6.9  27.0   3:51p   WSW
13  30.1  32.6   6:46a  25.6  10:54p  34.9   0.0  0.00   5.7  23.0   9:30a   WSW
14  19.9  26.3  12:23p  14.5  11:56p  45.1   0.0  0.00   8.1  35.0   3:04p   WSW
15  12.1  16.5   2:01p   7.9   7:53a  52.9   0.0  0.00   9.2  27.0   6:01p     W
16  16.8  21.8   3:19p   8.2   4:03a  48.2   0.0  0.00   3.8  14.0   7:00a    SW
17  28.1  35.9   2:45p  18.3   1:43a  36.9   0.0  0.34   2.1  14.0   5:55a     S
18  25.7  33.4  12:01a  16.9  10:15p  39.3   0.0  0.22   4.9  21.0   9:10a   WNW
19  17.1  23.0   8:13p   7.2   3:51a  47.9   0.0  0.01   2.0  15.0  10:08p    SW
20  26.5  36.8   7:18p  16.8   6:50a  38.5   0.0  0.00   7.4  34.0   6:38p    SW
21  33.6  35.0  12:00a  31.4  10:12p  31.4   0.0  0.05   6.6  24.0  12:17a   WSW
22  34.5  36.1   7:17p  31.5  12:26a  30.5   0.0  0.14   4.9  18.0  11:46a   WSW
23  35.8  37.4  12:56p  34.1   8:42a  29.2   0.0  0.10   6.1  24.0   3:22a    SW
24  37.5  40.8   5:06a  33.8  12:21a  27.5   0.0  0.26   4.4  20.0   8:53a   WSW
25  32.9  37.7  12:04p  25.8  11:57p  32.1   0.0  0.00   4.2  19.0   1:57p   ENE
26  42.1  58.9   8:42p  24.9   2:30a  22.9   0.0  0.43   6.6  29.0  10:32p   SSW
27  36.2  47.2  12:46a  30.3  11:33p  28.8   0.0  0.01   8.9  33.0  12:39a     W
28  29.6  32.3   7:32p  27.4   4:34a  35.4   0.0  0.00   5.0  23.0   2:36a     W
29  33.2  36.2  10:53a  30.4  12:00a  31.8   0.0  0.16   5.1  23.0   6:29p   WSW
30  29.4  31.5  12:00a  27.4  10:51p  35.6   0.0  0.00   6.7  24.0   4:41p     W
31  34.2  39.8   2:56p  27.6  12:15a  30.8   0.0  0.10   6.9  35.0   8:27p    SW
----------------------------------------------------------------------------------
    31.2  58.9    26     7.2    19  1047.6   0.0  3.27   5.6  35.0    14     WSW

Max >=  80.0:  0
Max <=  32.0:  6
Min <=  32.0: 24
Min <=   0.0:  0
Max Rain: 0.48 on day 1
Days of Rain: 17 (>= 0.01 in)  13 (>= 0.10 in)  0 (>= 1.00 in)
Heat Base: 65.0  Cool Base: 65.0  Method: Integration