NOAA-Style Climate Reports

Select a Year or Month report
2017: Jan Feb Mar Apr May Jun Jul Aug Sep Oct Nov Dec
2016: Jan Feb Mar Apr May Jun Jul Aug Sep Oct Nov Dec

Report for 2017
                   Annual Climatological Summary for 2017

Name: EW8961   City: Cheektowaga   State: New York
Elevation: 646 ft  Lat: N 42° 55' 24"   Lon: W 078° 46' 04"

                  Temperature (°F), Heat Base: 65.0  Cool Base: 65.0
                          Dep.  Heat  Cool                       Max  Max  Min  Min
        Mean  Mean        From  Deg   Deg                        >=   <=   <=   <=
 YR MO  Max   Min   Mean  Norm  Days  Days  Hi  Date  Low  Date 80.0 32.0 32.0   0.0
------------------------------------------------------------------------------------
 17  1  37.1  24.9  30.9   6.0  1056     0  61.0  21   4.3    7    0   11   20    0
 17  2  43.3  26.2  34.4   8.1   858     0  72.3  24  14.6    3    0    7   23    0
 17  3  40.7  25.4  33.2  -0.8   983     0  61.9  26   6.8    5    0    8   20    0
 17  4  61.0  40.0  50.6   4.7   448    17  87.1  27  28.5   13    1    0    4    0
 17  5  65.2  48.4  56.3  -0.6   311    41  83.3  18  32.8    9    3    0    0    0
 17  6  76.1  59.2  67.7   1.4    69   152  90.5  17  45.4    2   10    0    0    0
 17  7  80.2  62.6  71.5   0.4    17   220  89.1   5  53.2   26   14    0    0    0
 17  8  78.5  59.2  68.7  -0.9    48   165  87.2   3  47.6   26   11    0    0    0
 17  9  76.0  54.9  65.0   2.8   125   126  91.0  25  42.5   30   15    0    0    0
 17 10  66.2  47.6  56.8   6.0   293    37  83.0   7  33.4   17    1    0    0    0
 17 11  48.3  31.2  40.2  -0.5   745     0  65.4  28  17.4   11    0    1   17    0
 17 12  39.2  27.0  33.8   3.7   374     0  53.1   5  12.2   12    0    4   11    0
------------------------------------------------------------------------------------
        59.3  42.2  50.8   2.5  5333   761  91.0 Sep   4.3  Jan   55   31   95    0

                                Precipitation (in)

              Dep.   Max        Days of Rain
              From   Obs.           >=
 YR MO Total  Norm   Day Date 0.01 0.10 1.00
---------------------------------------------
 17  1  2.80 -0.38  0.69  17    17   11    0
 17  2  2.42 -0.07  0.71  25    14    5    0
 17  3  3.76  0.89  0.83  31    14    8    0
 17  4  6.08  3.07  1.75  20    14   11    2
 17  5  6.37  2.91  1.67  25    13   10    3
 17  6  1.69 -1.97  0.60  18    13    5    0
 17  7  5.29  2.06  2.80  13    15    6    2
 17  8  3.57  0.31  1.37   4    12    5    1
 17  9  2.69 -1.21  0.81   7     9    6    0
 17 10  5.73  2.21  1.72   9    16   10    2
 17 11  5.20  1.19  2.03   5    15   13    1
 17 12  0.54 -3.35  0.48   5     5    1    0
---------------------------------------------
       46.14  5.66  2.80  Jul  157   91   11

                                Wind Speed (mph)
                          Dom
 YR MO   Avg.  Hi   Date  Dir
------------------------------
 17  1   4.5  42.0   11   WSW
 17  2   5.0  40.0    7   WSW
 17  3   4.7  54.0    8   WNW
 17  4   4.2  38.0   16   WSW
 17  5   3.9  30.0    2   WSW
 17  6   3.9  29.0   11   WSW
 17  7   2.8  26.0    2   WSW
 17  8   2.5  32.0    4   WSW
 17  9   1.7  27.0    4   WSW
 17 10   3.0  34.0   15    SW
 17 11   3.7  35.0   26   WSW
 17 12   4.4  40.0    5   WSW
------------------------------
         3.7  54.0  Mar   WSW