NOAA-Style Climate Reports

Select a Year or Month report
2017: Jan Feb Mar Apr May Jun Jul Aug Sep Oct Nov Dec
2016: Jan Feb Mar Apr May Jun Jul Aug Sep Oct Nov Dec

Report for 2017 January
                   Monthly Climatological Summary for Jan 2017

Name: EW8961   City: Cheektowaga   State: New York
Elevation: 646 ft  Lat: N 42° 55' 24"   Lon: W 078° 46' 04"

                  Temperature (°F), Rain (in), Wind Speed (mph)

                                      Heat  Cool        Avg
    Mean                              Deg   Deg         Wind                 Dom
Day Temp  High   Time   Low    Time   Days  Days  Rain  Speed High   Time    Dir
----------------------------------------------------------------------------------
 1  32.0  38.0   1:27p  25.4  11:35p  33.0   0.0  0.00   4.2  20.0   1:21a   WSW
 2  35.1  41.6   3:38p  25.5  12:00a  29.9   0.0  0.00   1.4  10.0  11:52p     E
 3  41.9  43.4   2:20p  38.6   2:53a  23.1   0.0  0.51   1.2  10.0  10:17p     S
 4  29.5  40.3  12:00a  18.0   9:04p  35.6   0.0  0.13   9.7  33.0   1:09p     W
 5  18.1  21.2  11:52a  13.7  11:56p  46.9   0.0  0.00   6.4  25.0  12:00a     W
 6  12.2  19.0   1:57p   5.7  10:57p  52.8   0.0  0.00   4.0  21.0   2:11p     W
 7  11.5  18.6  12:51p   4.3   4:53a  53.5   0.0  0.01   3.2  20.0  10:00p     W
 8  13.8  17.7  12:48p  11.0   1:50a  51.2   0.0  0.00   6.4  27.0  10:11a     W
 9  19.4  26.6   3:29p  14.2   7:50a  45.5   0.0  0.00   4.9  21.0   1:11p   SSW
10  33.7  45.2  10:09p  16.4  12:41a  31.3   0.0  0.22   6.7  38.0  10:40p     S
11  43.3  52.0  10:42p  35.3   7:17a  21.7   0.0  0.10   8.3  42.0   1:20a    SW
12  44.8  57.3   4:32a  33.1  11:54p  20.2   0.0  0.35   6.3  27.0   4:38a    SW
13  27.3  33.2  12:00a  22.3  11:13p  37.7   0.0  0.00   5.0  20.0   1:04a   WNW
14  24.0  29.4   4:45p  19.5   5:39a  41.0   0.0  0.00   1.6  10.0  12:00a    NE
15  25.5  31.9  11:44a  20.0  11:20p  39.5   0.0  0.01   1.6   9.0  12:48a   WSW
16  28.5  37.0   1:19p  18.1   7:08a  36.5   0.0  0.00   1.6  14.0  10:49a    SW
17  39.1  45.6   2:55p  32.4  12:38a  25.9   0.0  0.69   3.1  20.0   8:31p     S
18  36.0  38.1  12:02a  35.3   5:19p  29.0   0.0  0.10   7.0  20.0  10:03a   WSW
19  34.5  36.3  12:29a  33.4   7:11p  30.5   0.0  0.02   4.6  22.0   3:31a   WSW
20  39.8  47.3   9:42p  34.0  12:00a  25.2   0.0  0.13   1.5  14.0  11:02p   ENE
21  48.5  61.0   3:07p  39.6   2:13a  16.5   0.0  0.00   1.0  13.0  12:11a    SW
22  41.2  47.2  11:37a  36.8   7:35a  23.8   0.0  0.12   3.7  21.0   7:19p    NE
23  39.3  46.4  12:39p  34.4  11:36p  25.7   0.0  0.00   6.8  20.0   1:52p    NE
24  32.7  34.5  12:02a  31.3  10:16a  32.3   0.0  0.03   3.2  15.0  12:37a     N
25  37.9  47.0  11:43p  32.0   3:29a  27.1   0.0  0.09   4.6  21.0  11:34p   WSW
26  36.7  45.8  12:00a  34.3   9:11p  28.3   0.0  0.12   8.5  28.0  12:57p   WSW
27  32.3  35.1  12:00a  29.2   9:10p  32.7   0.0  0.00   7.8  25.0   2:22p     W
28  29.0  30.3   6:29p  27.8   5:05a  36.0   0.0  0.00   8.0  25.0   7:42p   WSW
29  25.8  28.8  12:02a  18.2  10:41p  39.2   0.0  0.00   4.5  18.0  11:09a     W
30  19.3  24.2   2:07p  11.4   3:52a  45.7   0.0  0.07   1.8  12.0   4:07p   WNW
31  25.5  31.1  11:50p  19.8   3:53a  39.5   0.0  0.10   1.8  14.0  11:44p   ESE
----------------------------------------------------------------------------------
    30.9  61.0    21     4.3     7  1056.8   0.0  2.80   4.5  42.0    11     WSW

Max >=  80.0:  0
Max <=  32.0: 11
Min <=  32.0: 20
Min <=   0.0:  0
Max Rain: 0.69 on day 17
Days of Rain: 17 (>= 0.01 in)  11 (>= 0.10 in)  0 (>= 1.00 in)
Heat Base: 65.0  Cool Base: 65.0  Method: Integration