NOAA-Style Climate Reports

Select a Year or Month report
2017: Jan Feb Mar Apr May Jun Jul Aug Sep Oct Nov Dec
2016: Jan Feb Mar Apr May Jun Jul Aug Sep Oct Nov Dec

Report for 2017 February
                   Monthly Climatological Summary for Feb 2017

Name: EW8961   City: Cheektowaga   State: New York
Elevation: 646 ft  Lat: N 42° 55' 24"   Lon: W 078° 46' 04"

                  Temperature (°F), Rain (in), Wind Speed (mph)

                                      Heat  Cool        Avg
    Mean                              Deg   Deg         Wind                 Dom
Day Temp  High   Time   Low    Time   Days  Days  Rain  Speed High   Time    Dir
----------------------------------------------------------------------------------
 1  31.6  35.0   2:30p  29.1   5:00a  33.4   0.0  0.10   7.3  24.0   2:20p   WSW
 2  24.8  31.1  12:00a  18.0  10:32p  40.2   0.0  0.00   5.9  24.0  11:40a     W
 3  17.8  21.9   3:08p  14.6   4:29a  47.2   0.0  0.00   6.8  20.0  12:49p     W
 4  22.4  28.1   1:16p  15.4   6:53a  42.6   0.0  0.00   6.9  29.0   1:18p   WSW
 5  29.9  33.5   2:54p  25.1   1:08a  35.1   0.0  0.01   6.8  27.0   9:00a   WSW
 6  29.0  36.4   3:23p  19.7   5:32a  36.0   0.0  0.03   2.5  15.0  12:24p   WSW
 7  38.6  55.1  11:09p  29.6  12:41a  26.4   0.0  0.60   5.3  40.0  11:50p   ESE
 8  33.0  52.1  12:00a  20.7  11:53p  32.1   0.0  0.04   6.2  31.0  12:06a   WNW
 9  19.0  23.6   2:58p  16.5   6:22a  46.0   0.0  0.00   4.8  25.0  11:57p    NW
10  22.5  31.1  11:54p  17.4   4:10a  42.5   0.0  0.00   5.7  23.0   3:16a   WSW
11  34.8  39.9  12:54p  31.0  12:00a  30.2   0.0  0.06   2.3  10.0   5:43a    SW
12  32.8  34.8  12:00a  30.1  11:59p  32.2   0.0  0.44   5.0  29.0   9:58p    NW
13  28.8  30.9  11:45a  23.8  11:59p  36.2   0.0  0.02   6.5  25.0  12:57a   WNW
14  33.2  42.1   1:03p  23.1   4:00a  31.8   0.0  0.00   5.6  31.0   2:47p    SW
15  31.0  36.5  12:12p  23.3  11:40p  34.0   0.0  0.04   5.1  21.0   5:28p     W
16  23.2  28.0   2:48p  18.8   7:30a  41.8   0.0  0.04   4.8  15.0   7:27a   WNW
17  29.2  39.3   3:47p  17.3   5:11a  35.8   0.0  0.01   1.5  12.0  12:32a   WSW
18  45.3  57.2   1:08p  30.3   3:05a  19.7   0.0  0.00   6.8  32.0   2:58p   WSW
19  38.7  49.6   2:36p  29.0  11:44p  26.3   0.0  0.00   4.2  19.0  12:44p    SW
20  34.5  46.8   2:46p  25.0   5:44a  30.5   0.0  0.00   2.9  14.0   5:37p    NE
21  44.6  60.3   2:29p  30.7  12:00a  20.4   0.0  0.06   2.4  15.0  11:23a   SSW
22  50.8  59.5  11:43a  40.1   7:26a  14.2   0.0  0.00   2.0  15.0  11:58a    SW
23  53.1  59.6   9:21a  42.5  11:52p  11.9   0.0  0.00   5.2  25.0   1:22p    SW
24  53.5  72.3   1:04p  42.2   5:09a  12.4   0.9  0.26   3.4  21.0  11:30p   ENE
25  42.2  65.6  12:02a  28.7  11:49p  22.8   0.0  0.71   8.0  32.0  12:59p   WSW
26  30.3  36.0  11:38p  26.9   6:56a  34.7   0.0  0.00   7.3  26.0   2:46p   WSW
27  39.5  46.0   1:06p  32.8   9:10p  25.5   0.0  0.00   6.3  25.0  12:09p    SW
28  48.3  59.6   1:36p  33.0   3:16a  16.7   0.0  0.00   3.0  19.0  11:26p     S
----------------------------------------------------------------------------------
    34.4  72.3    24    14.6     3   858.6   0.9  2.42   5.0  40.0     7     WSW

Max >=  80.0:  0
Max <=  32.0:  7
Min <=  32.0: 23
Min <=   0.0:  0
Max Rain: 0.71 on day 25
Days of Rain: 14 (>= 0.01 in)  5 (>= 0.10 in)  0 (>= 1.00 in)
Heat Base: 65.0  Cool Base: 65.0  Method: Integration