NOAA-Style Climate Reports

Select a Year or Month report
2017: Jan Feb Mar Apr May Jun Jul Aug Sep Oct Nov Dec
2016: Jan Feb Mar Apr May Jun Jul Aug Sep Oct Nov Dec

Report for 2017 March
                   Monthly Climatological Summary for Mar 2017

Name: EW8961   City: Cheektowaga   State: New York
Elevation: 646 ft  Lat: N 42° 55' 24"   Lon: W 078° 46' 04"

                  Temperature (°F), Rain (in), Wind Speed (mph)

                                      Heat  Cool        Avg
    Mean                              Deg   Deg         Wind                 Dom
Day Temp  High   Time   Low    Time   Days  Days  Rain  Speed High   Time    Dir
----------------------------------------------------------------------------------
 1  52.6  60.2   5:09a  36.2  11:57p  12.4   0.0  0.35   9.3  38.0   8:47p    SW
 2  27.0  36.2  12:00a  22.6   6:38a  38.0   0.0  0.00   8.8  30.0  12:27a     W
 3  22.0  27.9   9:20a  17.5   9:42p  43.0   0.0  0.01   5.6  23.0  11:22a   WNW
 4  17.0  20.9   2:27p  10.5  11:58p  48.0   0.0  0.00   3.8  17.0   7:21a    NW
 5  22.0  37.0   4:29p   6.8   6:25a  43.0   0.0  0.00   2.4  15.0  12:13p     E
 6  46.3  60.1  12:41p  25.9  12:41a  18.7   0.0  0.00   3.7  17.0   7:25p   SSW
 7  52.0  58.4   3:16p  41.3  10:05p  13.0   0.0  0.72   6.1  21.0  12:07p   SSW
 8  43.1  49.4   1:10p  36.8   4:10a  21.9   0.0  0.00  10.0  54.0   2:18p   WSW
 9  34.6  39.2  12:42a  31.7  11:59p  30.4   0.0  0.00   6.4  25.0   2:17a     W
10  24.0  31.7  12:00a  14.1  11:02p  41.0   0.0  0.00   5.9  30.0   2:46p    NW
11  16.9  20.9  12:40p  13.8   5:16a  48.1   0.0  0.02   6.5  25.0   1:05a   WNW
12  17.1  23.0   2:31p  11.9   7:36a  45.9   0.0  0.07   3.0  16.0   1:18p   WNW
13  17.1  21.8   1:24p  11.6   2:08a  47.9   0.0  0.00   3.9  21.0   8:25p   ENE
14  18.6  21.0  12:43p  16.2  11:45p  46.4   0.0  0.00   5.8  18.0   5:07a   NNE
15  19.8  26.8   5:01p  14.2   5:09a  45.2   0.0  0.00   7.7  27.0   4:05p   WNW
16  25.7  34.6   3:52p  18.3   1:46a  39.3   0.0  0.19   6.4  22.0   3:56p     W
17  29.9  41.1   4:33p  14.6   6:46a  35.1   0.0  0.09   1.9  14.0   2:21p   WSW
18  33.8  38.9   2:16p  29.4   1:20a  31.2   0.0  0.15   1.5   8.0  11:23a   ENE
19  34.5  39.7   3:13p  29.9  11:49p  30.5   0.0  0.00   2.3  12.0  11:49a     N
20  34.3  40.6   2:15p  24.8   5:58a  30.7   0.0  0.00   1.6  12.0   1:40p    SW
21  38.8  45.9   2:51p  32.9  11:59p  26.2   0.0  0.00   5.0  23.0   5:12p     W
22  24.4  32.9  12:00a  18.4   7:32a  40.6   0.0  0.00   5.3  22.0   3:11a   NNW
23  28.7  41.0   5:22p  15.0   6:50a  36.3   0.0  0.00   1.6  11.0   2:55p     S
24  46.4  61.0   4:31p  35.6  12:00a  18.6   0.0  0.18   4.5  24.0   4:14p    SW
25  37.5  43.9  12:00a  34.4  11:58p  27.5   0.0  0.78   5.9  18.0   9:00a    NE
26  47.2  61.9   4:17p  34.3  12:04a  17.8   0.0  0.09   5.1  16.0   1:16a   ESE
27  49.1  53.6   9:55a  45.1   1:21p  15.9   0.0  0.01   4.3  16.0  11:34a   SSW
28  45.3  47.9   8:12a  42.2  11:51p  19.7   0.0  0.00   2.2  10.0  10:02a     N
29  43.3  52.8   2:49p  31.8   7:40a  21.7   0.0  0.00   2.6  14.0   1:29p   NNE
30  37.7  42.6   2:01p  33.5   2:28a  27.2   0.0  0.27   4.8  19.0  11:42p   ENE
31  42.5  47.9   3:43p  37.6   1:47a  22.5   0.0  0.83   3.1  16.0  12:00a    NE
----------------------------------------------------------------------------------
    33.2  61.9    26     6.8     5   983.7   0.0  3.76   4.7  54.0     8       W

Max >=  80.0:  0
Max <=  32.0:  8
Min <=  32.0: 20
Min <=   0.0:  0
Max Rain: 0.83 on day 31
Days of Rain: 14 (>= 0.01 in)  8 (>= 0.10 in)  0 (>= 1.00 in)
Heat Base: 65.0  Cool Base: 65.0  Method: Integration