NOAA-Style Climate Reports

Select a Year or Month report
2017: Jan Feb Mar Apr May Jun Jul Aug Sep Oct Nov Dec
2016: Jan Feb Mar Apr May Jun Jul Aug Sep Oct Nov Dec

Report for 2017 April
                   Monthly Climatological Summary for Apr 2017

Name: EW8961   City: Cheektowaga   State: New York
Elevation: 646 ft  Lat: N 42° 55' 24"   Lon: W 078° 46' 04"

                  Temperature (°F), Rain (in), Wind Speed (mph)

                                      Heat  Cool        Avg
    Mean                              Deg   Deg         Wind                 Dom
Day Temp  High   Time   Low    Time   Days  Days  Rain  Speed High   Time    Dir
----------------------------------------------------------------------------------
 1  37.5  44.9   5:44p  34.5  11:59p  27.5   0.0  0.02   3.8  14.0   7:26p    NW
 2  40.7  48.0   2:12p  32.4  12:45a  24.3   0.0  0.00   5.2  21.0  10:06a    SW
 3  54.3  70.1   3:23p  37.3   2:50a  11.2   0.5  0.31   3.1  19.0   3:12p     E
 4  50.0  59.7   9:26a  40.4  11:57p  15.0   0.0  0.29   7.5  37.0   2:41p    SW
 5  45.0  53.8   4:22p  39.6   6:04a  20.0   0.0  0.00   5.2  21.0   8:22p   NNE
 6  46.2  54.3   7:35a  32.8  11:51p  18.8   0.0  1.26   4.0  19.0   8:56p    NE
 7  33.7  37.7   6:02p  31.9   9:17a  31.3   0.0  0.31   4.9  22.0   9:51a    NW
 8  38.8  48.8   1:35p  28.9   6:54a  26.2   0.0  0.15   4.7  19.0   4:00p     W
 9  54.3  71.3   3:25p  31.3   5:23a  12.1   1.4  0.00   2.9  18.0  11:18a   SSW
10  66.1  75.7   1:43p  53.7   2:46a   2.3   3.4  0.04   5.3  28.0   3:25p    SW
11  58.9  68.0   4:08p  44.5  11:19p   6.2   0.1  0.01   4.0  18.0   9:10p    SW
12  44.4  47.8   3:16a  38.2  11:58p  20.6   0.0  0.00   5.5  21.0   4:31p   WSW
13  42.5  53.8   4:18p  28.5   6:48a  22.5   0.0  0.00   1.2   9.0  11:06a   WSW
14  51.5  65.6   4:32p  35.5   5:10a  13.5   0.0  0.00   2.8  15.0   2:38p   ENE
15  57.1  73.0   4:57p  41.8   5:33a   9.0   1.1  0.10   3.2  26.0   5:31p    SW
16  62.7  72.0   9:17a  47.4  10:48p   4.0   1.8  0.00   8.0  38.0   1:17p   WSW
17  50.4  57.9  12:04p  39.9  11:57p  14.6   0.0  0.00   4.0  19.0   2:26p     W
18  46.9  61.2   4:41p  33.5   4:09a  18.1   0.0  0.00   2.9  13.0   1:45p    NE
19  56.6  62.2   7:57a  47.1   2:03a   8.4   0.0  0.48   3.8  21.0  12:56p   SSW
20  47.9  55.4  12:00a  44.5   7:59a  17.1   0.0  1.75   4.9  21.0   4:28a   ENE
21  48.0  52.5   3:03a  44.2   8:27p  17.0   0.0  0.00   4.7  24.0   2:08p   WSW
22  45.0  54.2   5:09p  38.5  11:56p  20.0   0.0  0.00   3.3  14.0   2:06a    NW
23  48.3  62.8   4:04p  32.9   6:30a  16.7   0.0  0.00   2.4  13.0  12:30p   WSW
24  50.5  64.4   2:54p  36.7   6:01a  14.5   0.0  0.00   4.8  21.0   6:15p    NE
25  55.2  65.4   6:25p  45.8   2:56a   9.8   0.0  0.36   3.2  15.0   6:21p   ENE
26  63.1  75.4   5:35p  54.6   6:38a   4.1   2.1  0.00   1.8  12.0   3:11p   ENE
27  68.7  87.1   3:02p  54.4  11:59p   3.5   7.2  0.13   3.7  29.0  11:49p   SSW
28  53.5  59.9   1:37p  47.4   4:47a  11.5   0.0  0.00   5.4  22.0   1:02a   WSW
29  53.7  62.1   2:20a  44.3  11:58p  11.3   0.0  0.00   2.5  14.0   2:32a     W
30  47.9  64.7   5:37p  38.6   9:00a  17.1   0.0  0.87   6.0  25.0   8:08a    NE
----------------------------------------------------------------------------------
    50.6  87.1    27    28.5    13   448.2  17.6  6.08   4.2  38.0    16     WSW

Max >=  80.0:  1
Max <=  32.0:  0
Min <=  32.0:  4
Min <=   0.0:  0
Max Rain: 1.75 on day 20
Days of Rain: 14 (>= 0.01 in)  11 (>= 0.10 in)  2 (>= 1.00 in)
Heat Base: 65.0  Cool Base: 65.0  Method: Integration