NOAA-Style Climate Reports

Select a Year or Month report
2017: Jan Feb Mar Apr May Jun Jul Aug Sep Oct Nov Dec
2016: Jan Feb Mar Apr May Jun Jul Aug Sep Oct Nov Dec

Report for 2017 May
                   Monthly Climatological Summary for May 2017

Name: EW8961   City: Cheektowaga   State: New York
Elevation: 646 ft  Lat: N 42° 55' 24"   Lon: W 078° 46' 04"

                  Temperature (°F), Rain (in), Wind Speed (mph)

                                      Heat  Cool        Avg
    Mean                              Deg   Deg         Wind                 Dom
Day Temp  High   Time   Low    Time   Days  Days  Rain  Speed High   Time    Dir
----------------------------------------------------------------------------------
 1  57.4  68.4   2:03p  46.3  12:00a   8.0   0.4  1.50   2.7  26.0   3:49p   SSW
 2  48.3  53.3  10:40a  45.8   8:59p  16.7   0.0  0.05   8.5  30.0   4:24p   WSW
 3  46.9  53.4  12:25p  40.4   6:17a  18.1   0.0  0.02   5.6  20.0  12:41a     W
 4  45.9  53.4  12:13p  39.0   3:38a  19.1   0.0  0.35   2.6  14.0   7:45p     E
 5  47.5  49.6  11:16a  44.8  10:05p  17.5   0.0  1.31   2.8  19.0  11:39a   NNE
 6  43.6  46.7  12:15a  40.3  11:46p  21.4   0.0  0.31   4.1  14.0   3:26p   WNW
 7  43.7  52.3   5:00p  38.7   6:27a  21.3   0.0  0.12   4.7  20.0   7:23p   WNW
 8  43.5  50.3   2:36p  32.9   6:19a  21.5   0.0  0.00   5.0  25.0   4:49p   WSW
 9  46.1  55.6   2:39p  32.8   6:24a  18.9   0.0  0.00   2.5  14.0   2:45p     W
10  49.3  58.3   3:47p  42.4   5:08a  15.7   0.0  0.00   3.4  15.0   3:37p    NE
11  51.6  60.9   3:38p  43.6   1:51a  13.4   0.0  0.00   4.8  18.0   1:41p   ENE
12  56.3  65.4   2:29p  45.5   3:44a   8.7   0.0  0.00   2.0  13.0  12:39p   SSE
13  55.6  61.1  12:47p  50.4  11:58p   9.4   0.0  0.00   2.6  12.0  12:48p    SW
14  53.5  64.7   3:22p  48.6   6:05a  11.5   0.0  0.22   4.1  25.0   2:30p     W
15  52.5  62.4  12:29p  42.8   5:53a  12.5   0.0  0.00   4.6  23.0   3:59p     W
16  57.4  74.2   6:49p  43.6   5:44a   9.0   1.4  0.00   1.3  11.0  10:26a   SSW
17  73.4  83.0   2:38p  59.8  12:40a   0.2   8.6  0.00   5.2  29.0  11:45a   WSW
18  75.8  83.3   2:13p  69.3  10:07p   0.0  10.8  0.00   7.0  28.0   1:31p   WSW
19  57.3  70.3  12:00a  54.2  11:38p   7.8   0.1  0.00   2.8  13.0  11:48a    NW
20  57.2  67.7   2:29p  49.0   7:08a   7.9   0.1  0.00   6.7  22.0   6:43a   ENE
21  61.9  73.7   1:51p  54.6   3:54a   4.5   1.4  0.31   2.5  18.0   8:43p    SE
22  57.7  61.9   6:45a  49.9  11:54p   7.3   0.0  0.00   6.0  28.0   1:12p    SW
23  61.8  75.3   4:01p  45.4   4:30a   6.0   2.8  0.00   2.4  15.0  11:44a   WSW
24  67.6  79.2   4:39p  56.5   5:22a   2.3   4.9  0.00   2.9  17.0  11:17p    SE
25  58.2  65.6  12:00a  55.2  10:45a   6.8   0.0  1.67   2.5  13.0   9:46a   ENE
26  55.0  62.3   1:08p  52.7   3:19a  10.0   0.0  0.12   4.1  19.0   2:26p   WSW
27  59.8  68.5   5:47p  53.8  12:01a   5.5   0.4  0.00   1.7   9.0   2:32a   WSW
28  65.7  80.2   4:22p  50.3   5:25a   4.3   5.0  0.00   2.0  13.0   6:35p     E
29  65.1  72.2   5:58p  59.1  10:45a   1.5   1.6  0.31   4.0  22.0   4:33p    SW
30  65.6  74.7   2:59p  57.6   5:57a   1.8   2.4  0.08   4.1  19.0   4:31p    SW
31  64.0  72.6   2:17p  54.6   5:30a   2.8   1.7  0.00   5.4  24.0  11:55a   WSW
----------------------------------------------------------------------------------
    56.3  83.3    18    32.8     9   311.4  41.6  6.37   3.9  30.0     2     WSW

Max >=  80.0:  3
Max <=  32.0:  0
Min <=  32.0:  0
Min <=   0.0:  0
Max Rain: 1.67 on day 25
Days of Rain: 13 (>= 0.01 in)  10 (>= 0.10 in)  3 (>= 1.00 in)
Heat Base: 65.0  Cool Base: 65.0  Method: Integration