NOAA-Style Climate Reports

Select a Year or Month report
2017: Jan Feb Mar Apr May Jun Jul Aug Sep Oct Nov Dec
2016: Jan Feb Mar Apr May Jun Jul Aug Sep Oct Nov Dec

Report for 2017 June
                   Monthly Climatological Summary for Jun 2017

Name: EW8961   City: Cheektowaga   State: New York
Elevation: 646 ft  Lat: N 42° 55' 24"   Lon: W 078° 46' 04"

                  Temperature (°F), Rain (in), Wind Speed (mph)

                                      Heat  Cool        Avg
    Mean                              Deg   Deg         Wind                 Dom
Day Temp  High   Time   Low    Time   Days  Days  Rain  Speed High   Time    Dir
----------------------------------------------------------------------------------
 1  59.6  65.3   2:18p  54.3  11:50p   5.4   0.0  0.00   4.3  22.0   2:45p   WSW
 2  57.6  67.4   1:25p  45.4   5:28a   7.5   0.1  0.00   3.5  22.0   5:02p     W
 3  60.8  70.3   1:42p  50.6   6:13a   5.4   1.2  0.00   2.2  15.0   3:43p   WSW
 4  62.5  73.7   3:20p  52.7   1:54a   4.6   2.2  0.13   3.1  22.0   3:32p    SW
 5  60.0  65.3   1:22p  56.7   5:47a   5.0   0.0  0.01   1.3  11.0   1:52p   NNW
 6  56.9  64.8   2:28p  51.2  11:17p   8.1   0.0  0.09   3.3  16.0   3:10p     N
 7  59.7  71.0   4:30p  50.8   4:19a   6.5   1.2  0.00   3.5  17.0   7:44a    NE
 8  63.6  77.0   3:36p  47.3   5:38a   5.2   3.8  0.00   1.4  12.0   1:17p   NNE
 9  63.2  71.5   2:59p  51.9   5:40a   3.4   1.6  0.00   4.3  20.0  11:08a   WSW
10  69.2  76.4   2:05p  59.1   3:52a   1.2   5.5  0.01   4.1  22.0  10:03a   WSW
11  75.6  81.2   5:28p  70.8  11:46p   0.0  10.6  0.00   7.5  29.0   1:13p   WSW
12  77.2  86.1   4:25p  69.2  12:46a   0.0  12.2  0.00   5.5  26.0   3:42p   WSW
13  74.9  83.0  12:31p  66.3  11:58p   0.0   9.9  0.00   2.2  14.0   3:50p     N
14  69.8  81.4   3:27p  59.1   5:08a   1.0   5.8  0.00   3.7  19.0   6:54p   ENE
15  71.1  82.5  12:55p  61.4   5:26a   0.6   6.8  0.09   2.7  14.0   1:50p    SW
16  75.2  84.5   3:36p  66.9   1:38a   0.0  10.2  0.00   3.2  17.0   2:50p   WSW
17  80.1  90.5   3:23p  70.2  12:23a   0.0  15.1  0.00   2.9  14.0  11:28a   SSW
18  77.2  87.5  12:19p  69.8  10:55p   0.0  12.2  0.60   4.9  24.0   2:19p   SSW
19  71.6  79.2   2:46p  66.6  11:52p   0.0   6.6  0.00   4.3  22.0   6:34p   WSW
20  67.1  72.1   3:28p  60.0  11:23p   0.5   2.5  0.03   7.1  29.0   3:07p   WSW
21  65.6  73.1   3:00p  57.3   6:03a   1.9   2.4  0.01   3.4  16.0  12:18p   WSW
22  68.8  81.4   4:33p  55.3   5:17a   2.4   6.2  0.07   2.5  22.0   3:54p    SW
23  73.4  78.0  12:23a  68.8  11:31p   0.0   8.4  0.18   4.4  21.0   4:06a    SW
24  69.3  75.8   3:12p  62.1   6:05a   0.1   4.4  0.00   4.8  23.0   4:57p   WSW
25  66.8  74.0   3:45p  59.2   3:39a   0.8   2.6  0.00   5.2  26.0   3:40p   WSW
26  64.6  71.9   2:30p  56.0  11:10p   2.0   1.7  0.00   5.2  24.0   4:30p   WSW
27  59.7  66.8   6:08p  52.3   9:19a   5.3   0.1  0.25   3.7  22.0   1:28p   WSW
28  66.1  74.6   3:17p  55.5   4:47a   2.0   3.1  0.00   3.8  20.0   3:03p   WSW
29  72.2  81.7   4:55p  60.9   4:24a   0.7   8.0  0.15   3.6  21.0   1:25p    SW
30  72.6  76.1   4:15p  68.5   7:06a   0.0   7.6  0.07   4.4  22.0   6:07a    SW
----------------------------------------------------------------------------------
    67.7  90.5    17    45.4     2    69.6 152.0  1.69   3.9  29.0    11     WSW

Max >=  80.0: 10
Max <=  32.0:  0
Min <=  32.0:  0
Min <=   0.0:  0
Max Rain: 0.60 on day 18
Days of Rain: 13 (>= 0.01 in)  5 (>= 0.10 in)  0 (>= 1.00 in)
Heat Base: 65.0  Cool Base: 65.0  Method: Integration