NOAA-Style Climate Reports

Select a Year or Month report
2017: Jan Feb Mar Apr May Jun Jul Aug Sep Oct Nov Dec
2016: Jan Feb Mar Apr May Jun Jul Aug Sep Oct Nov Dec

Report for 2017 July
                   Monthly Climatological Summary for Jul 2017

Name: EW8961   City: Cheektowaga   State: New York
Elevation: 646 ft  Lat: N 42° 55' 24"   Lon: W 078° 46' 04"

                  Temperature (°F), Rain (in), Wind Speed (mph)

                                      Heat  Cool        Avg
    Mean                              Deg   Deg         Wind                 Dom
Day Temp  High   Time   Low    Time   Days  Days  Rain  Speed High   Time    Dir
----------------------------------------------------------------------------------
 1  70.7  74.9   4:30p  66.1  11:58p   0.0   5.6  0.02   3.8  23.0   3:23p   WSW
 2  70.1  79.1   3:02p  58.6   6:06a   1.0   6.1  0.00   4.3  26.0   3:52p   WSW
 3  70.5  78.5   3:28p  59.4   6:04a   0.5   5.9  0.00   2.8  15.0  11:37a   WSW
 4  70.3  82.2   3:47p  57.2   6:04a   1.5   6.8  0.00   1.6  13.0   3:12p    NE
 5  73.3  89.1   4:28p  57.2   4:09a   1.5   9.8  0.00   1.5  14.0   7:14p     E
 6  76.1  86.6   3:10p  67.2   5:55a   0.0  11.1  0.00   2.5  12.0  12:33p   WSW
 7  73.3  79.4   2:22p  67.4   6:01a   0.0   8.3  0.01   4.1  20.0   6:08p    SW
 8  71.2  78.7   3:10p  64.0  11:59p   0.0   6.2  0.00   4.0  21.0   3:37p   WNW
 9  70.0  78.5   3:48p  57.2   5:30a   1.3   6.3  0.00   5.2  25.0   2:46p   WSW
10  71.2  79.4  11:27a  65.8   6:12a   0.0   6.2  0.14   3.2  18.0   1:20p    SW
11  74.0  83.6   4:42p  65.1   5:02a   0.0   9.0  0.01   2.3  13.0   5:23p    SW
12  73.2  79.3  12:31p  68.1   3:51a   0.0   8.2  0.46   3.1  17.0   2:33p    SW
13  72.8  80.3   5:19p  63.8  10:29a   0.1   7.9  2.80   2.6  15.0  12:48a   WSW
14  73.3  80.8   3:36p  66.8  11:54p   0.0   8.3  0.00   3.9  19.0   5:32p   WSW
15  68.8  75.7   4:14p  62.7   4:52a   0.3   4.0  0.00   4.3  17.0   5:14p   WSW
16  72.4  81.1   3:36p  63.3   2:43a   0.1   7.4  0.02   2.7  16.0   2:19p   WSW
17  71.7  77.6   1:43p  65.3   5:40a   0.0   6.7  0.07   3.4  18.0   3:09p   WSW
18  71.3  80.2   3:20p  60.7   5:45a   0.6   6.9  0.00   2.3  12.0   1:32p   WSW
19  74.1  85.4   4:06p  61.4   5:16a   0.6   9.7  0.00   2.9  16.0   5:47p   WSW
20  71.2  78.8  10:27a  63.3   1:55p   0.1   6.3  1.29   1.8  18.0   2:14p   SSW
21  76.8  84.7   2:15p  68.7   6:13a   0.0  11.7  0.00   2.5  13.0   3:35p   WSW
22  72.8  77.2   4:29p  67.6   4:07a   0.0   7.8  0.05   1.4  12.0   3:04p   ENE
23  74.2  85.3   2:24p  67.2   4:44a   0.0   9.2  0.10   2.2  12.0   2:34p   ENE
24  69.9  76.0   2:15p  62.0  11:56p   0.4   5.3  0.23   3.7  22.0   1:01p     W
25  63.8  70.5   5:05p  58.3  11:56p   2.1   0.9  0.02   1.6  14.0   3:19p   NNE
26  66.2  78.0   3:11p  53.2   6:09a   3.3   4.5  0.00   1.7  11.0  11:15a   WSW
27  72.8  82.0   4:09p  67.0   6:25a   0.0   7.8  0.06   1.0   8.0  11:09a   WSW
28  68.0  75.2   3:21p  59.2  11:49p   0.5   3.6  0.00   4.0  19.0   6:14p    NE
29  68.7  79.2   4:23p  55.8   5:49a   2.4   6.1  0.00   2.2  24.0  10:49a    NE
30  72.9  85.9   3:27p  60.2   6:10a   0.7   8.6  0.00   1.8  11.0   1:13p   WSW
31  72.3  82.5   3:34p  61.1   4:40a   0.6   7.9  0.01   2.8  15.0  12:36p   WSW
----------------------------------------------------------------------------------
    71.5  89.1     5    53.2    26    17.6 220.1  5.29   2.8  26.0     2     WSW

Max >=  80.0: 14
Max <=  32.0:  0
Min <=  32.0:  0
Min <=   0.0:  0
Max Rain: 2.80 on day 13
Days of Rain: 15 (>= 0.01 in)  6 (>= 0.10 in)  2 (>= 1.00 in)
Heat Base: 65.0  Cool Base: 65.0  Method: Integration