NOAA-Style Climate Reports

Select a Year or Month report
2017: Jan Feb Mar Apr May Jun Jul Aug Sep Oct Nov Dec
2016: Jan Feb Mar Apr May Jun Jul Aug Sep Oct Nov Dec

Report for 2017 August
                   Monthly Climatological Summary for Aug 2017

Name: EW8961   City: Cheektowaga   State: New York
Elevation: 646 ft  Lat: N 42° 55' 24"   Lon: W 078° 46' 04"

                  Temperature (°F), Rain (in), Wind Speed (mph)

                                      Heat  Cool        Avg
    Mean                              Deg   Deg         Wind                 Dom
Day Temp  High   Time   Low    Time   Days  Days  Rain  Speed High   Time    Dir
----------------------------------------------------------------------------------
 1  74.7  84.7   3:04p  65.5   5:56a   0.0   9.7  0.00   2.0  13.0   3:19p   WSW
 2  74.1  85.6   2:41p  61.9   5:49a   0.3   9.4  0.00   2.3  16.0   5:23p   WSW
 3  74.2  87.2   4:22p  63.5   6:08a   0.1   9.3  0.02   1.8  21.0   5:22p   SSW
 4  70.7  84.5  12:22p  66.0   1:18p   0.0   5.7  1.37   3.2  32.0  12:48p   SSW
 5  63.9  71.3   6:00p  56.1  11:58p   2.2   1.1  0.28   5.3  23.0   7:04p   WSW
 6  65.6  77.0   3:11p  51.1   6:08a   4.0   4.6  0.00   2.9  17.0   4:02p   WSW
 7  66.1  76.9  12:15p  58.9   5:11a   1.5   2.6  0.00   0.9  13.0   5:31p     N
 8  67.1  77.4   3:09p  56.2   6:26a   2.2   4.4  0.00   3.1  17.0   3:59p     W
 9  71.0  80.4   3:20p  61.8   6:23a   0.4   6.4  0.00   3.3  19.0  11:50a    SW
10  72.8  85.0   3:52p  58.6   6:30a   1.1   9.0  0.00   1.5  10.0  11:49a   SSW
11  70.0  77.3   4:22p  64.1  10:25p   0.0   5.1  0.06   1.9  22.0   6:22p    SW
12  69.5  77.7   2:00p  63.9   6:58p   0.0   4.5  0.88   3.4  21.0   5:12p   WSW
13  68.3  78.4   3:23p  57.2   6:17a   1.7   5.0  0.01   1.4  11.0   3:11p   WSW
14  71.4  82.5   2:26p  59.5   4:24a   1.2   7.5  0.00   0.9   9.0   1:27p    SW
15  70.4  79.9   5:38p  61.5   5:23a   0.5   5.9  0.06   1.5  14.0  11:27a   WSW
16  69.8  79.7   3:48p  60.3   6:00a   0.7   5.5  0.00   1.5  11.0   2:51p    NE
17  71.4  83.0   2:04p  59.4   6:20a   1.2   7.6  0.27   1.5  11.0   3:51p   ESE
18  76.2  82.1  12:17p  72.1  11:55p   0.0  11.2  0.00   6.5  26.0   2:49p   WSW
19  70.5  76.8   3:12p  64.7  11:59p   0.0   5.5  0.01   4.8  22.0   2:59p   WSW
20  69.9  79.6   2:38p  58.5   5:34a   1.3   6.2  0.00   3.0  17.0  10:27a   WSW
21  73.4  83.0   4:26p  63.9   1:22a   0.2   8.6  0.00   2.0  14.0  11:09a   WSW
22  74.2  82.7  10:22a  63.2  11:40p   0.0   9.3  0.57   5.3  26.0  11:05a    SW
23  66.1  74.3   2:51p  58.9  11:59p   1.8   2.9  0.01   4.2  22.0   2:22p     W
24  62.1  71.2   4:29p  53.0   6:10a   3.9   1.0  0.00   1.6  11.0   3:05p    NW
25  62.2  71.2   2:28p  52.4   5:33a   4.2   1.4  0.00   1.1  11.0   3:40p   NNW
26  60.3  72.9   2:01p  47.6   6:32a   6.4   1.7  0.00   0.8  12.0   4:21p   NNE
27  63.7  76.9   3:15p  49.7   6:01a   4.8   3.5  0.00   2.6  18.0   5:37p   ENE
28  65.7  76.7   3:47p  55.6   5:56a   2.9   3.6  0.00   1.9  13.0   3:08p    SE
29  66.0  74.5   2:19p  60.9   6:28a   1.4   2.4  0.00   1.4  10.0   2:41p   ESE
30  66.4  75.1   2:38p  55.2   6:27a   2.5   3.9  0.00   2.3  13.0   2:41p   WSW
31  63.3  69.3  12:00a  52.6  11:56p   2.4   0.6  0.03   2.4  15.0   5:04p   NNW
----------------------------------------------------------------------------------
    68.7  87.2     3    47.6    26    48.9 165.1  3.57   2.5  32.0     4     WSW

Max >=  80.0: 11
Max <=  32.0:  0
Min <=  32.0:  0
Min <=   0.0:  0
Max Rain: 1.37 on day 4
Days of Rain: 12 (>= 0.01 in)  5 (>= 0.10 in)  1 (>= 1.00 in)
Heat Base: 65.0  Cool Base: 65.0  Method: Integration