NOAA-Style Climate Reports

Select a Year or Month report
2017: Jan Feb Mar Apr May Jun Jul Aug Sep Oct Nov Dec
2016: Jan Feb Mar Apr May Jun Jul Aug Sep Oct Nov Dec

Report for 2017 October
                   Monthly Climatological Summary for Oct 2017

Name: EW8961   City: Cheektowaga   State: New York
Elevation: 646 ft  Lat: N 42° 55' 24"   Lon: W 078° 46' 04"

                  Temperature (°F), Rain (in), Wind Speed (mph)

                                      Heat  Cool        Avg
    Mean                              Deg   Deg         Wind                 Dom
Day Temp  High   Time   Low    Time   Days  Days  Rain  Speed High   Time    Dir
----------------------------------------------------------------------------------
 1  50.4  65.5   4:11p  36.4   6:55a  14.6   0.0  0.00   0.8   9.0   7:39p   ENE
 2  56.8  74.7   3:26p  41.3   5:40a  10.1   1.8  0.00   0.7   9.0   4:39p     E
 3  61.5  77.7   3:21p  44.9   5:53a   6.9   3.3  0.00   1.5  15.0  12:25p    SW
 4  68.4  77.4  11:57a  61.5   4:59a   0.5   3.9  0.09   5.1  27.0   3:46p    SW
 5  63.1  69.4   4:20p  54.1   7:43a   2.8   0.9  0.00   3.0  21.0   3:42p   WSW
 6  63.3  69.2   3:50p  58.6   7:21a   2.3   0.6  0.12   0.9   8.0   1:49p    SW
 7  71.3  83.0   2:39p  63.5  12:00a   0.1   6.4  0.06   2.5  20.0  11:45p   SSW
 8  68.3  77.0   2:31a  61.7   9:33p   0.5   3.7  0.07   5.8  30.0   5:35a    SW
 9  64.0  68.4   3:18p  59.7   3:47a   1.4   0.4  1.72   2.5  17.0  10:28a   NNE
10  65.3  73.5   4:00p  55.1   7:53a   2.1   2.3  0.00   1.6  10.0  12:08p   WSW
11  55.2  60.9  12:00a  51.2   8:46p   9.9   0.0  0.27   6.3  27.0   9:51a   ENE
12  56.9  64.9   2:35p  51.7   3:14a   8.1   0.0  0.03   4.5  21.0  12:50a   ENE
13  61.4  69.6   2:14p  55.1  12:00a   4.1   0.6  0.00   2.0  12.0   1:48p     S
14  62.4  72.8   3:17p  53.3   5:47a   4.0   1.4  0.00   1.5  13.0   8:09p    NE
15  66.2  77.0   1:11p  50.9  11:59p   2.6   3.9  0.18   6.4  34.0   3:53p   WSW
16  45.4  51.0  12:00a  36.3  11:24p  19.6   0.0  0.00   2.2  17.0  12:04a    NW
17  49.4  62.3   2:37p  33.4   2:28a  15.6   0.0  0.01   4.3  29.0   4:01p    SW
18  57.7  67.4   2:35p  50.0   5:59a   7.6   0.2  0.00   3.0  20.0  12:39p    SW
19  58.8  65.9   2:56p  47.0  11:58p   6.2   0.0  0.00   5.6  28.0   1:13p   WSW
20  54.0  67.5   2:00p  40.8   7:29a  11.2   0.2  0.00   1.1  12.0   3:43p   WSW
21  56.8  74.0   2:22p  41.8   7:19a  10.1   1.9  0.00   0.8  10.0  12:35p   WSW
22  62.6  79.9   3:55p  47.0   6:32a   6.1   3.7  0.00   0.9  10.0   4:02p   SSW
23  65.7  71.0   2:12p  58.8   6:37a   1.2   1.8  0.03   3.5  22.0  11:03p   SSE
24  57.4  62.9   1:36p  50.3  11:51p   7.6   0.0  0.28   5.1  25.0   4:11p    SW
25  46.8  50.3  12:00a  43.6  10:42p  18.2   0.0  0.79   3.4  21.0  12:31a   SSW
26  43.3  53.2   1:12p  35.6   7:09a  21.7   0.0  0.00   1.3  14.0   2:50p     W
27  51.7  69.8   3:51p  35.6  12:56a  13.7   0.4  0.00   1.3  14.0  11:12p     S
28  49.0  58.3  12:12a  41.2  10:12p  16.0   0.0  0.27   1.8  15.0  12:09a   WSW
29  42.3  43.9  11:45p  40.7   8:34a  22.8   0.0  0.31   0.7  14.0  11:53p   NNW
30  43.7  48.9  12:20p  39.2  10:02p  21.3   0.0  1.29   8.5  31.0   2:02p     W
31  40.8  43.5   1:04a  35.5  10:30a  24.2   0.0  0.21   4.6  22.0   2:01a   WSW
----------------------------------------------------------------------------------
    56.8  83.0     7    33.4    17   293.1  37.4  5.73   3.0  34.0    15      SW

Max >=  80.0:  1
Max <=  32.0:  0
Min <=  32.0:  0
Min <=   0.0:  0
Max Rain: 1.72 on day 9
Days of Rain: 16 (>= 0.01 in)  10 (>= 0.10 in)  2 (>= 1.00 in)
Heat Base: 65.0  Cool Base: 65.0  Method: Integration