NOAA-Style Climate Reports

Select a Year or Month report
2017: Jan Feb Mar Apr May Jun Jul Aug Sep Oct Nov Dec
2016: Jan Feb Mar Apr May Jun Jul Aug Sep Oct Nov Dec

Report for 2017 November
                   Monthly Climatological Summary for Nov 2017

Name: EW8961   City: Cheektowaga   State: New York
Elevation: 646 ft  Lat: N 42° 55' 24"   Lon: W 078° 46' 04"

                  Temperature (°F), Rain (in), Wind Speed (mph)

                                      Heat  Cool        Avg
    Mean                              Deg   Deg         Wind                 Dom
Day Temp  High   Time   Low    Time   Days  Days  Rain  Speed High   Time    Dir
----------------------------------------------------------------------------------
 1  41.3  45.5  11:28a  37.5   8:08a  23.7   0.0  0.00   1.4  14.0  12:45p     S
 2  57.1  64.3   2:03p  43.6  12:00a   7.9   0.0  0.67   4.2  20.0   6:10a   SSW
 3  50.6  63.9  12:00a  37.0  11:59p  14.4   0.0  0.54   2.4  16.0   2:36p   WNW
 4  41.3  48.8   3:31p  34.1   2:16a  23.7   0.0  0.00   3.6  20.0  12:07p   ENE
 5  54.8  60.6   3:46p  43.5   1:13a  10.6   0.0  2.03   3.8  20.0  12:50p     S
 6  46.5  60.2  12:57a  36.1  10:48p  18.5   0.0  0.19   2.8  15.0  10:39a    NW
 7  38.5  45.0   2:08p  29.4  11:42p  26.5   0.0  0.00   1.3  11.0  12:09p   ENE
 8  35.6  47.8   1:44p  25.7   5:26a  29.4   0.0  0.00   1.0  13.0   1:35p   WSW
 9  39.2  51.0   1:16p  28.5  11:56p  25.8   0.0  0.14   5.3  31.0   5:00p   WSW
10  22.9  28.6  12:00a  19.6   9:32a  42.1   0.0  0.00   5.4  25.0  12:13a    NW
11  27.1  36.1   2:52p  17.4   7:10a  37.9   0.0  0.00   1.5  17.0  12:03p     E
12  35.6  42.5   3:16p  27.6  12:47a  29.4   0.0  0.02   0.5   7.0   3:29p    SE
13  37.4  41.0   1:35p  33.3   2:44a  27.6   0.0  0.12   0.4   7.0   2:31p   WNW
14  39.2  42.9  12:00p  31.4  11:59p  25.8   0.0  0.00   0.2   5.0   2:36a    SW
15  39.5  47.4   3:11p  28.7   4:42a  25.5   0.0  0.02   2.5  22.0  11:29p     S
16  42.1  47.3   3:00a  34.9  11:51p  22.9   0.0  0.10   7.6  26.0   2:41a     W
17  33.4  36.9   2:56p  30.3   7:20a  31.6   0.0  0.00   2.2  14.0  12:00a   WNW
18  44.4  49.3   3:32p  32.3   1:22a  20.6   0.0  0.52   2.2  19.0   9:11a   SSW
19  36.0  48.0  12:05a  30.5  10:30p  29.0   0.0  0.36   6.5  22.0   1:55a   WNW
20  35.9  42.8   3:47p  30.6   3:45a  29.1   0.0  0.00   6.9  31.0   1:23p   WSW
21  46.0  54.7   1:12p  38.1  12:28a  19.0   0.0  0.10   7.4  29.0  12:26p    SW
22  32.3  39.8  12:00a  25.2  11:50p  32.7   0.0  0.17   3.9  18.0   9:40a   WNW
23  33.0  38.2  11:44p  25.1  12:02a  32.0   0.0  0.00   2.8  16.0   5:43p    SW
24  44.2  51.5   3:32p  34.1   7:44a  20.8   0.0  0.00   5.6  23.0  11:22a    SW
25  46.1  52.0   7:10a  35.7  11:45p  18.9   0.0  0.11   5.2  22.0   8:24a   WSW
26  36.5  43.3   9:56p  33.1   4:46a  28.5   0.0  0.00   7.9  35.0   7:33p     W
27  36.4  43.7   1:02p  29.3  10:36p  28.6   0.0  0.00   3.5  18.0   2:25a   WNW
28  50.9  65.4   1:47p  29.5  12:00a  14.1   0.0  0.00   5.5  32.0  11:57p   SSW
29  41.6  57.3  12:00a  28.5  11:39p  23.4   0.0  0.00   4.2  27.0  12:23a     W
30  39.7  53.4   1:33p  24.8   4:55a  25.3   0.0  0.11   4.1  23.0   5:27p   WSW
----------------------------------------------------------------------------------
    40.2  65.4    28    17.4    11   745.3   0.0  5.20   3.7  35.0    26     WSW

Max >=  80.0:  0
Max <=  32.0:  1
Min <=  32.0: 17
Min <=   0.0:  0
Max Rain: 2.03 on day 5
Days of Rain: 15 (>= 0.01 in)  13 (>= 0.10 in)  1 (>= 1.00 in)
Heat Base: 65.0  Cool Base: 65.0  Method: Integration